--
-- Host: localhost    Database: mslassets
-- ------------------------------------------------------


--
-- Table structure for table `audit_logs`
--

CREATE TABLE `audit_logs` (
  `id` char(36) COLLATE utf8mb4_unicode_ci NOT NULL,
  `admin_user_id` char(36) COLLATE utf8mb4_unicode_ci DEFAULT NULL,
  `action` varchar(100) COLLATE utf8mb4_unicode_ci NOT NULL COMMENT 'create, update, delete, login, logout, etc.',
  `entity_type` varchar(100) COLLATE utf8mb4_unicode_ci DEFAULT NULL COMMENT 'investment, investor, kyc_document, etc.',
  `entity_id` char(36) COLLATE utf8mb4_unicode_ci DEFAULT NULL,
  `old_values` json DEFAULT NULL,
  `new_values` json DEFAULT NULL,
  `ip_address` varchar(45) COLLATE utf8mb4_unicode_ci DEFAULT NULL,
  `user_agent` text COLLATE utf8mb4_unicode_ci,
  `description` text COLLATE utf8mb4_unicode_ci,
  `created_at` timestamp NULL DEFAULT NULL,
  `updated_at` timestamp NULL DEFAULT NULL,
  PRIMARY KEY (`id`),
  KEY `idx_audit_action` (`action`),
  KEY `idx_entity_type` (`entity_type`),
  KEY `idx_admin_user` (`admin_user_id`),
  KEY `idx_audit_created` (`created_at`),
  CONSTRAINT `audit_logs_admin_user_id_foreign` FOREIGN KEY (`admin_user_id`) REFERENCES `admin_users` (`id`) ON DELETE SET NULL
) ENGINE=InnoDB DEFAULT CHARSET=utf8mb4 COLLATE=utf8mb4_unicode_ci;

--
-- Dumping data for table `audit_logs`
--


--
-- Table structure for table `company_targets`
--

CREATE TABLE `company_targets` (
  `id` char(36) COLLATE utf8mb4_unicode_ci NOT NULL,
  `metric` varchar(255) COLLATE utf8mb4_unicode_ci NOT NULL,
  `period_type` varchar(255) COLLATE utf8mb4_unicode_ci NOT NULL,
  `period_value` varchar(255) COLLATE utf8mb4_unicode_ci NOT NULL,
  `target_value` decimal(15,2) NOT NULL,
  `achieved_value` decimal(15,2) DEFAULT NULL,
  `created_at` timestamp NULL DEFAULT NULL,
  `updated_at` timestamp NULL DEFAULT NULL,
  PRIMARY KEY (`id`),
  KEY `company_targets_metric_period_type_period_value_index` (`metric`,`period_type`,`period_value`)
) ENGINE=InnoDB DEFAULT CHARSET=utf8mb4 COLLATE=utf8mb4_unicode_ci;

--
-- Dumping data for table `company_targets`
--


--
-- Table structure for table `dividend_payments`
--

CREATE TABLE `dividend_payments` (
  `id` char(36) COLLATE utf8mb4_unicode_ci NOT NULL,
  `investment_id` char(36) COLLATE utf8mb4_unicode_ci NOT NULL,
  `investor_id` char(36) COLLATE utf8mb4_unicode_ci NOT NULL,
  `amount` decimal(12,2) NOT NULL,
  `currency` varchar(3) COLLATE utf8mb4_unicode_ci NOT NULL DEFAULT 'USD',
  `quarter` int NOT NULL COMMENT '1-4',
  `year` int NOT NULL,
  `status` enum('pending','processing','completed','failed') COLLATE utf8mb4_unicode_ci NOT NULL DEFAULT 'pending',
  `payment_method` varchar(255) COLLATE utf8mb4_unicode_ci DEFAULT NULL COMMENT 'bank_transfer, paystack, etc.',
  `transfer_reference` varchar(255) COLLATE utf8mb4_unicode_ci DEFAULT NULL,
  `transfer_response` json DEFAULT NULL,
  `paid_at` timestamp NULL DEFAULT NULL,
  `notes` text COLLATE utf8mb4_unicode_ci,
  `created_at` timestamp NULL DEFAULT NULL,
  `updated_at` timestamp NULL DEFAULT NULL,
  PRIMARY KEY (`id`),
  KEY `dividend_payments_investment_id_foreign` (`investment_id`),
  KEY `idx_investor_period` (`investor_id`,`year`,`quarter`),
  KEY `idx_dividend_status` (`status`),
  CONSTRAINT `dividend_payments_investment_id_foreign` FOREIGN KEY (`investment_id`) REFERENCES `investments` (`id`) ON DELETE CASCADE,
  CONSTRAINT `dividend_payments_investor_id_foreign` FOREIGN KEY (`investor_id`) REFERENCES `investors` (`id`) ON DELETE CASCADE
) ENGINE=InnoDB DEFAULT CHARSET=utf8mb4 COLLATE=utf8mb4_unicode_ci;

--
-- Dumping data for table `dividend_payments`
--


--
-- Table structure for table `email_logs`
--

CREATE TABLE `email_logs` (
  `id` char(36) COLLATE utf8mb4_unicode_ci NOT NULL,
  `investment_id` char(36) COLLATE utf8mb4_unicode_ci DEFAULT NULL,
  `investor_id` char(36) COLLATE utf8mb4_unicode_ci DEFAULT NULL,
  `email_type` varchar(50) COLLATE utf8mb4_unicode_ci NOT NULL COMMENT 'payment_confirmation, agreement, welcome, quarterly_report, dividend, kyc_request',
  `recipient` varchar(255) COLLATE utf8mb4_unicode_ci NOT NULL,
  `subject` varchar(255) COLLATE utf8mb4_unicode_ci DEFAULT NULL,
  `status` enum('queued','sent','delivered','opened','clicked','failed','bounced') COLLATE utf8mb4_unicode_ci NOT NULL DEFAULT 'queued',
  `error_message` text COLLATE utf8mb4_unicode_ci,
  `message_id` varchar(255) COLLATE utf8mb4_unicode_ci DEFAULT NULL COMMENT 'Email provider message ID',
  `sent_at` timestamp NULL DEFAULT NULL,
  `delivered_at` timestamp NULL DEFAULT NULL,
  `opened_at` timestamp NULL DEFAULT NULL,
  `created_at` timestamp NULL DEFAULT NULL,
  `updated_at` timestamp NULL DEFAULT NULL,
  PRIMARY KEY (`id`),
  KEY `email_logs_investment_id_foreign` (`investment_id`),
  KEY `email_logs_investor_id_foreign` (`investor_id`),
  KEY `idx_email_type` (`email_type`),
  KEY `idx_email_status` (`status`),
  KEY `idx_recipient` (`recipient`),
  CONSTRAINT `email_logs_investment_id_foreign` FOREIGN KEY (`investment_id`) REFERENCES `investments` (`id`) ON DELETE SET NULL,
  CONSTRAINT `email_logs_investor_id_foreign` FOREIGN KEY (`investor_id`) REFERENCES `investors` (`id`) ON DELETE SET NULL
) ENGINE=InnoDB DEFAULT CHARSET=utf8mb4 COLLATE=utf8mb4_unicode_ci;

--
-- Dumping data for table `email_logs`
--


--
-- Table structure for table `failed_jobs`
--

CREATE TABLE `failed_jobs` (
  `id` bigint unsigned NOT NULL AUTO_INCREMENT,
  `uuid` varchar(255) COLLATE utf8mb4_unicode_ci NOT NULL,
  `connection` text COLLATE utf8mb4_unicode_ci NOT NULL,
  `queue` text COLLATE utf8mb4_unicode_ci NOT NULL,
  `payload` longtext COLLATE utf8mb4_unicode_ci NOT NULL,
  `exception` longtext COLLATE utf8mb4_unicode_ci NOT NULL,
  `failed_at` timestamp NOT NULL DEFAULT CURRENT_TIMESTAMP,
  PRIMARY KEY (`id`),
  UNIQUE KEY `failed_jobs_uuid_unique` (`uuid`)
) ENGINE=InnoDB DEFAULT CHARSET=utf8mb4 COLLATE=utf8mb4_unicode_ci;

--
-- Dumping data for table `failed_jobs`
--


--
-- Table structure for table `investments`
--

CREATE TABLE `investments` (
  `id` char(36) COLLATE utf8mb4_unicode_ci NOT NULL,
  `reference` varchar(50) COLLATE utf8mb4_unicode_ci NOT NULL,
  `investor_id` char(36) COLLATE utf8mb4_unicode_ci DEFAULT NULL,
  `investor_name` varchar(255) COLLATE utf8mb4_unicode_ci NOT NULL,
  `email` varchar(255) COLLATE utf8mb4_unicode_ci NOT NULL,
  `phone` varchar(50) COLLATE utf8mb4_unicode_ci DEFAULT NULL,
  `country` varchar(100) COLLATE utf8mb4_unicode_ci DEFAULT NULL,
  `investor_type` enum('individual','company','fund','family_office','institution') COLLATE utf8mb4_unicode_ci NOT NULL DEFAULT 'individual',
  `investment_tier` enum('growth','strategic','anchor') COLLATE utf8mb4_unicode_ci NOT NULL,
  `investment_amount` decimal(12,2) NOT NULL,
  `shares` int NOT NULL DEFAULT '0',
  `share_price` decimal(10,2) NOT NULL DEFAULT '100.00',
  `currency` varchar(3) COLLATE utf8mb4_unicode_ci NOT NULL DEFAULT 'USD',
  `investment_term` int DEFAULT NULL COMMENT 'In years',
  `payment_status` enum('pending','processing','confirmed','failed','refunded') COLLATE utf8mb4_unicode_ci NOT NULL DEFAULT 'pending',
  `payment_reference` varchar(100) COLLATE utf8mb4_unicode_ci DEFAULT NULL,
  `payment_method` varchar(50) COLLATE utf8mb4_unicode_ci DEFAULT NULL,
  `terms_accepted` tinyint(1) NOT NULL DEFAULT '0',
  `memorandum_read` tinyint(1) NOT NULL DEFAULT '0',
  `risks_understood` tinyint(1) NOT NULL DEFAULT '0',
  `risk_tolerance_confirmed` tinyint(1) NOT NULL DEFAULT '0',
  `newsletter_subscribed` tinyint(1) NOT NULL DEFAULT '0',
  `call_requested` tinyint(1) NOT NULL DEFAULT '0',
  `payment_completed_at` timestamp NULL DEFAULT NULL,
  `agreement_sent_at` timestamp NULL DEFAULT NULL,
  `agreement_signed_at` timestamp NULL DEFAULT NULL,
  `status` enum('pending_payment','payment_confirmed','agreement_pending','active','completed','cancelled') COLLATE utf8mb4_unicode_ci NOT NULL DEFAULT 'pending_payment',
  `notes` text COLLATE utf8mb4_unicode_ci,
  `ip_address` varchar(45) COLLATE utf8mb4_unicode_ci DEFAULT NULL,
  `user_agent` text COLLATE utf8mb4_unicode_ci,
  `agreement_document_url` varchar(255) COLLATE utf8mb4_unicode_ci DEFAULT NULL,
  `created_at` timestamp NULL DEFAULT NULL,
  `updated_at` timestamp NULL DEFAULT NULL,
  PRIMARY KEY (`id`),
  UNIQUE KEY `investments_reference_unique` (`reference`),
  UNIQUE KEY `investments_payment_reference_unique` (`payment_reference`),
  KEY `investments_investor_id_foreign` (`investor_id`),
  KEY `idx_email` (`email`),
  KEY `idx_reference` (`reference`),
  KEY `idx_payment_status` (`payment_status`),
  KEY `idx_status` (`status`),
  CONSTRAINT `investments_investor_id_foreign` FOREIGN KEY (`investor_id`) REFERENCES `investors` (`id`) ON DELETE SET NULL
) ENGINE=InnoDB DEFAULT CHARSET=utf8mb4 COLLATE=utf8mb4_unicode_ci;

--
-- Dumping data for table `investments`
--

INSERT INTO `investments` VALUES ('019be089-20b5-73dd-83cc-a365b602e998','MSL-INV-20260121-JBDS6NPB','019be089-2055-7125-ba75-5b184da4ebed','John Investor','john.investor@example.com','+254712345678','Kenya','individual','growth',1000.00,10,100.00,'USD',2,'pending',NULL,NULL,1,1,1,1,0,0,NULL,NULL,NULL,'pending_payment',NULL,NULL,NULL,NULL,'2026-01-21 09:30:41','2026-01-21 09:30:41'),('019be089-20c0-71ab-89d3-d5e4023fdb6a','MSL-INV-20260121-CM8TMAFN','019be089-2055-7125-ba75-5b184da4ebed','John Investor','john.investor@example.com','+254712345678','Kenya','individual','strategic',15000.00,150,100.00,'USD',2,'confirmed',NULL,NULL,1,1,1,1,0,0,'2026-01-19 09:30:41',NULL,NULL,'payment_confirmed',NULL,NULL,NULL,NULL,'2026-01-21 09:30:41','2026-01-21 09:30:41'),('019be089-20ca-70d9-951b-c33e8cd1a702','MSL-INV-20260121-TQE8T9TG','019be089-2055-7125-ba75-5b184da4ebed','John Investor','john.investor@example.com','+254712345678','Kenya','individual','anchor',100000.00,1000,100.00,'USD',2,'confirmed',NULL,NULL,1,1,1,1,0,0,'2026-01-13 09:30:41',NULL,NULL,'active',NULL,NULL,NULL,NULL,'2026-01-21 09:30:41','2026-01-21 09:30:41'),('019be089-216b-704b-801a-0c4a7c823ca8','MSL-INV-20260121-YPNZMVDB','019be089-215f-72dd-940e-95c53ad0674d','Jane Capital','jane.capital@example.com','+1234567890','United States','individual','growth',1000.00,10,100.00,'USD',2,'pending',NULL,NULL,1,1,1,1,0,0,NULL,NULL,NULL,'pending_payment',NULL,NULL,NULL,NULL,'2026-01-21 09:30:42','2026-01-21 09:30:42'),('019be089-2172-73b4-b9af-bffaa7e3d44c','MSL-INV-20260121-IXXA47TV','019be089-215f-72dd-940e-95c53ad0674d','Jane Capital','jane.capital@example.com','+1234567890','United States','individual','strategic',15000.00,150,100.00,'USD',2,'confirmed',NULL,NULL,1,1,1,1,0,0,'2025-12-24 09:30:42',NULL,NULL,'payment_confirmed',NULL,NULL,NULL,NULL,'2026-01-21 09:30:42','2026-01-21 09:30:42'),('019be089-217d-711f-bfd6-c5eea38e0790','MSL-INV-20260121-XLXFNSUG','019be089-215f-72dd-940e-95c53ad0674d','Jane Capital','jane.capital@example.com','+1234567890','United States','individual','anchor',100000.00,1000,100.00,'USD',2,'confirmed',NULL,NULL,1,1,1,1,0,0,'2025-12-22 09:30:42',NULL,NULL,'active',NULL,NULL,NULL,NULL,'2026-01-21 09:30:42','2026-01-21 09:30:42'),('019be089-219f-7378-91c7-88b478558fbb','MSL-INV-20260121-SRBFP0PN','019be089-218f-70dd-8ab9-d433b0bf03d7','ACME Investments Ltd','acme.investments@example.com','+44123456789','United Kingdom','company','growth',1000.00,10,100.00,'USD',2,'pending',NULL,NULL,1,1,1,1,0,0,NULL,NULL,NULL,'pending_payment',NULL,NULL,NULL,NULL,'2026-01-21 09:30:42','2026-01-21 09:30:42'),('019be089-21a4-7336-822e-d471a7fca01a','MSL-INV-20260121-F5U9JARL','019be089-218f-70dd-8ab9-d433b0bf03d7','ACME Investments Ltd','acme.investments@example.com','+44123456789','United Kingdom','company','strategic',15000.00,150,100.00,'USD',2,'confirmed',NULL,NULL,1,1,1,1,0,0,'2026-01-01 09:30:42',NULL,NULL,'payment_confirmed',NULL,NULL,NULL,NULL,'2026-01-21 09:30:42','2026-01-21 09:30:42'),('019be089-21af-73de-898a-eb0dbd7c4b6f','MSL-INV-20260121-EJ2UPEYY','019be089-218f-70dd-8ab9-d433b0bf03d7','ACME Investments Ltd','acme.investments@example.com','+44123456789','United Kingdom','company','anchor',100000.00,1000,100.00,'USD',2,'confirmed',NULL,NULL,1,1,1,1,0,0,'2026-01-16 09:30:42',NULL,NULL,'active',NULL,NULL,NULL,NULL,'2026-01-21 09:30:42','2026-01-21 09:30:42'),('019be0da-a999-72f1-a583-a34284907c51','MSL-INV-20260121-EZYM0TQJ','019be0da-aa5d-702a-9971-34bd18ded1c1','Test','test@test.com',NULL,NULL,'individual','growth',500.00,5,100.00,'USD',1,'processing','MSL-PAY-1769006154-Y85G0FG1',NULL,1,1,1,1,0,0,NULL,NULL,NULL,'pending_payment',NULL,'127.0.0.1','curl/8.7.1',NULL,'2026-01-21 10:59:45','2026-01-21 11:35:56'),('019be0fb-bdb8-73f0-9306-482beac8ca2b','MSL-INV-20260121-HMAFKQEW','019be0da-aa5d-702a-9971-34bd18ded1c1','Test','test@test.com',NULL,NULL,'individual','growth',500.00,5,100.00,'USD',1,'pending',NULL,NULL,1,1,1,1,0,0,NULL,NULL,NULL,'pending_payment',NULL,'127.0.0.1','curl/8.7.1',NULL,'2026-01-21 11:35:53','2026-01-21 11:35:53'),('019be139-6319-7293-9a9e-f733948b7545','MSL-INV-20260121-WICBIABU','019be139-63e9-725d-9895-10fb61392f71','John Doe','john.doe@example.com',NULL,NULL,'individual','growth',100.00,1,100.00,'USD',1,'processing','MSL-PAY-1769010193-BLYNY55Q',NULL,1,1,1,1,0,0,NULL,NULL,NULL,'pending_payment',NULL,'127.0.0.1','Mozilla/5.0 (Macintosh; Intel Mac OS X 10_15_7) AppleWebKit/537.36 (KHTML, like Gecko) Chrome/143.0.0.0 Safari/537.36',NULL,'2026-01-21 12:43:13','2026-01-21 12:43:15'),('019be149-704f-71a7-b2c2-ce78946b2694','MSL-INV-20260121-ERJGKSYY','019be139-63e9-725d-9895-10fb61392f71','John Doe','john.doe@example.com',NULL,NULL,'individual','growth',100.00,1,100.00,'USD',1,'processing','MSL-PAY-1769011245-IU7SMFC5',NULL,1,1,1,1,0,0,NULL,NULL,NULL,'pending_payment',NULL,'127.0.0.1','Mozilla/5.0 (Macintosh; Intel Mac OS X 10_15_7) AppleWebKit/537.36 (KHTML, like Gecko) Chrome/143.0.0.0 Safari/537.36',NULL,'2026-01-21 13:00:45','2026-01-21 13:00:46'),('019be14d-8702-72c8-8dad-cbdbd5a925f6','MSL-INV-20260121-4FACREPV','019be139-63e9-725d-9895-10fb61392f71','John Doe','john.doe@example.com',NULL,NULL,'individual','growth',100.00,1,100.00,'USD',1,'processing','MSL-PAY-1769011513-TIBW1IHH',NULL,1,1,1,1,0,0,NULL,NULL,NULL,'pending_payment',NULL,'127.0.0.1','Mozilla/5.0 (iPhone; CPU iPhone OS 18_5 like Mac OS X) AppleWebKit/605.1.15 (KHTML, like Gecko) Version/18.5 Mobile/15E148 Safari/604.1',NULL,'2026-01-21 13:05:13','2026-01-21 13:05:14'),('019be15d-b245-71ba-a279-48ca39f41911','MSL-INV-20260121-H4ZQUNIS','019be139-63e9-725d-9895-10fb61392f71','John Doe','john.doe@example.com',NULL,NULL,'individual','growth',100.00,1,100.00,'USD',1,'processing','MSL-PAY-1769012573-ZF7KPXYG',NULL,1,1,1,1,0,0,NULL,NULL,NULL,'pending_payment',NULL,'127.0.0.1','Mozilla/5.0 (Macintosh; Intel Mac OS X 10_15_7) AppleWebKit/537.36 (KHTML, like Gecko) Chrome/143.0.0.0 Safari/537.36',NULL,'2026-01-21 13:22:52','2026-01-21 13:22:54'),('019be16f-fcac-73ff-ba93-a6039e7aaa81','MSL-INV-20260121-MRKEDVLH','019be16f-fde4-720d-8d04-0b9c99b8f4df','Investor','mosetireagan78@gmail.com',NULL,NULL,'individual','growth',13009.00,130,100.00,'KES',1,'processing','MSL-PAY-1769013772-9BNKFZH0',NULL,1,1,1,1,0,0,NULL,NULL,NULL,'pending_payment',NULL,'127.0.0.1','Mozilla/5.0 (Macintosh; Intel Mac OS X 10_15_7) AppleWebKit/537.36 (KHTML, like Gecko) Chrome/143.0.0.0 Safari/537.36',NULL,'2026-01-21 13:42:51','2026-01-21 13:42:54'),('019bf5a9-11ed-70d5-9949-b6290a394045','MSL-INV-20260125-BJDHKD83','019bf5a9-11af-73ca-b9cb-1134a1f33d37','Mohammed Miyo','mohammedmiyo@gmail.com',NULL,'Kenya','individual','anchor',20000.00,200,100.00,'USD',1,'confirmed',NULL,NULL,1,1,1,1,0,0,'2026-01-25 11:57:36',NULL,NULL,'active','ID: 27364068 | Status: settled',NULL,NULL,NULL,'2026-01-25 11:57:36','2026-01-25 11:57:36'),('019bf5aa-9da1-7161-9cf9-9c784e06e86a','MSL-INV-20260125-CJFNR5UO','019bf5a9-11af-73ca-b9cb-1134a1f33d37','Mohammed Miyo','mohammedmiyo@gmail.com',NULL,'Kenya','individual','anchor',20000.00,200,100.00,'USD',1,'confirmed',NULL,NULL,1,1,1,1,0,0,'2026-01-25 11:59:18',NULL,NULL,'active','ID: 27364068 | Status: settled',NULL,NULL,NULL,'2026-01-25 11:59:18','2026-01-25 11:59:18'),('019bf5aa-9e64-7357-a7a4-97cfa64c1bf3','MSL-INV-20260125-YHSMRTVL','019bf5aa-9e5a-73d7-8609-29f677b9a343','Juma Mohammed Chude','jumamohammedchude@gmail.com',NULL,'Kenya','individual','growth',400.00,4,100.00,'USD',1,'processing',NULL,NULL,1,1,1,1,0,0,NULL,NULL,NULL,'pending_payment','ID: 36721701 | Status: 75% settled',NULL,NULL,NULL,'2026-01-25 11:59:18','2026-01-25 11:59:18'),('019bf5aa-9e9a-73b7-984e-86573e76d751','MSL-INV-20260125-GSSL7DLD','019bf5aa-9e91-7124-83c3-933df41d1716','Abdikadir Guyo','abdikadir.guyo@meatsoko.investor',NULL,'Kenya','individual','growth',100.00,1,100.00,'USD',1,'confirmed',NULL,NULL,1,1,1,1,0,0,'2026-01-25 11:59:18',NULL,NULL,'active','ID: N/A | Status: settled',NULL,NULL,NULL,'2026-01-25 11:59:18','2026-01-25 11:59:18'),('019bf5aa-9ebf-73fe-a5ff-6fd16f0667f0','MSL-INV-20260125-9KMYZKP8','019bf5aa-9eb7-72ac-bd25-b8b488bb3219','Reagan Moseti','reagan.moseti@meatsoko.investor',NULL,'Kenya','individual','anchor',7500.00,75,100.00,'USD',1,'confirmed',NULL,NULL,1,1,1,1,0,0,'2026-01-25 11:59:18',NULL,NULL,'active','ID: N/A | Status: settled',NULL,NULL,NULL,'2026-01-25 11:59:18','2026-01-25 11:59:18'),('019bf5aa-9eec-71d5-bf9a-5e2babfa0d78','MSL-INV-20260125-71JLDOYV','019bf5aa-9edf-7220-85f4-8c29f9df254d','Brighton','brighton@meatsoko.investor',NULL,'Kenya','individual','growth',600.00,6,100.00,'USD',1,'confirmed',NULL,NULL,1,1,1,1,0,0,'2026-01-25 11:59:18',NULL,NULL,'active','ID: N/A | Status: settled',NULL,NULL,NULL,'2026-01-25 11:59:18','2026-01-25 11:59:18'),('019bf5aa-9f0a-71a6-ab5a-07962a1413a4','MSL-INV-20260125-LDXUXBUX','019bf5aa-9eff-712f-aac3-29c97a03a8d2','Ombati','ombati@meatsoko.investor',NULL,'Kenya','individual','growth',700.00,7,100.00,'USD',1,'confirmed',NULL,NULL,1,1,1,1,0,0,'2026-01-25 11:59:18',NULL,NULL,'active','ID: N/A | Status: settled',NULL,NULL,NULL,'2026-01-25 11:59:18','2026-01-25 11:59:18'),('019bf5aa-9f23-70de-a7e8-3b54264d7502','MSL-INV-20260125-TLM89U3C','019bf5aa-9f1e-703f-a1e9-2a8016d9c894','Juma Abdikadir','jumaabdikadir9@gmail.com',NULL,'Kenya','individual','growth',500.00,5,100.00,'USD',1,'confirmed',NULL,NULL,1,1,1,1,0,0,'2026-01-25 11:59:18',NULL,NULL,'active','ID: 42874146 | Status: settled',NULL,NULL,NULL,'2026-01-25 11:59:18','2026-01-25 11:59:18'),('019bf5aa-9f42-7391-9b53-25bfeee6bec1','MSL-INV-20260125-S16O5Q6Q','019bf5aa-9f3d-72f8-873a-1a5f2c69ea83','Barbe Gambo','barbe.gambo@meatsoko.investor',NULL,'Kenya','individual','strategic',2200.00,22,100.00,'USD',1,'confirmed',NULL,NULL,1,1,1,1,0,0,'2026-01-25 11:59:18',NULL,NULL,'active','ID: N/A | Status: settled',NULL,NULL,NULL,'2026-01-25 11:59:18','2026-01-25 11:59:18'),('019bf5aa-9f62-7359-b0f4-e858bcaa440f','MSL-INV-20260125-P4M3XPQ5','019bf5aa-9f58-704a-85d3-a865ca38adc3','Aaron Greene','aarongreene981@gmail.com',NULL,'Kenya','individual','strategic',1900.00,19,100.00,'USD',1,'confirmed',NULL,NULL,1,1,1,1,0,0,'2026-01-25 11:59:18',NULL,NULL,'active','ID: N/A | Status: settled',NULL,NULL,NULL,'2026-01-25 11:59:18','2026-01-25 11:59:18'),('019bf5aa-9f80-7186-afa7-9d20089d7c39','MSL-INV-20260125-MGK2DNVO','019bf5aa-9f74-70cc-9197-8f9dac3ee5de','Taso Malaso','taso.malaso@meatsoko.investor',NULL,'Kenya','individual','growth',300.00,3,100.00,'USD',1,'confirmed',NULL,NULL,1,1,1,1,0,0,'2026-01-25 11:59:18',NULL,NULL,'active','ID: N/A | Status: settled',NULL,NULL,NULL,'2026-01-25 11:59:18','2026-01-25 11:59:18'),('019bf5aa-9f96-71dd-881c-bc7f3d26b640','MSL-INV-20260125-QLZS00QT','019bf5aa-9f91-7160-9a51-d52ad1c4b2f1','Bahati Abdi','bahatiabdi834@gmail.com',NULL,'Kenya','individual','growth',100.00,1,100.00,'USD',1,'confirmed',NULL,NULL,1,1,1,1,0,0,'2026-01-25 11:59:18',NULL,NULL,'active','ID: 30230767 | Status: settled',NULL,NULL,NULL,'2026-01-25 11:59:18','2026-01-25 11:59:18'),('019bf5aa-9fc3-7182-be87-b0cc616692fb','MSL-INV-20260125-P2XISOQJ','019bf5aa-9fb5-73be-b85c-3fcd5af92fa5','Iddy Abdallah Obura','iddy.abdallah.obura@meatsoko.investor',NULL,'Kenya','individual','strategic',1000.00,10,100.00,'USD',1,'confirmed',NULL,NULL,1,1,1,1,0,0,'2026-01-25 11:59:18',NULL,NULL,'active','ID: 22493110 | Status: settled',NULL,NULL,NULL,'2026-01-25 11:59:18','2026-01-25 11:59:18'),('019bf5aa-9fe2-733f-96ba-638336e1f476','MSL-INV-20260125-QFJIVLMB','019bf5aa-9fd6-72d0-b9dd-5a591256df22','Adan Jilo Mare','adamsfarzool@gmail.com',NULL,'Kenya','individual','growth',100.00,1,100.00,'USD',1,'pending',NULL,NULL,1,1,1,1,0,0,NULL,NULL,NULL,'pending_payment','ID: 37422804 | Status: not_settled',NULL,NULL,NULL,'2026-01-25 11:59:18','2026-01-25 11:59:18'),('019bf5aa-a0c2-7021-81ba-71b9a299dd48','MSL-INV-20260125-YEHNBIKR','019bf5aa-a094-7292-a289-3f09c12ee66f','Oba Mio Duba','oba.mio.duba@meatsoko.investor',NULL,'Kenya','individual','strategic',3400.00,34,100.00,'USD',1,'processing',NULL,NULL,1,1,1,1,0,0,NULL,NULL,NULL,'pending_payment','ID: N/A | Status: 75% settled',NULL,NULL,NULL,'2026-01-25 11:59:18','2026-01-25 11:59:18'),('019bf5aa-a0d5-7124-8d20-335e3ad6682e','MSL-INV-20260125-VXTF62PQ','019bf5aa-a0d1-725d-9c24-b4ba9e19df8f','Dida Sora','dida.sora@meatsoko.investor',NULL,'Kenya','individual','strategic',1000.00,10,100.00,'USD',1,'processing',NULL,NULL,1,1,1,1,0,0,NULL,NULL,NULL,'pending_payment','ID: 40153297 | Status: 50% settled',NULL,NULL,NULL,'2026-01-25 11:59:18','2026-01-25 11:59:18'),('019bf5aa-a110-7178-8406-69ab8b928926','MSL-INV-20260125-HDMTD7AS','019bf5aa-a0e4-7242-b742-234a23e42d89','Galgallo Huka','galgallo.huka@meatsoko.investor',NULL,'Kenya','individual','growth',100.00,1,100.00,'USD',1,'pending',NULL,NULL,1,1,1,1,0,0,NULL,NULL,NULL,'pending_payment','ID: N/A | Status: not_settled',NULL,NULL,NULL,'2026-01-25 11:59:18','2026-01-25 11:59:18'),('019bf5aa-a130-737e-9e1b-ebdca15b5cb6','MSL-INV-20260125-8FRZGXXF','019bf5aa-a126-732b-9278-8a5341ca92a9','Luko Hasso','luko.hasso@meatsoko.investor',NULL,'Kenya','individual','strategic',1000.00,10,100.00,'USD',1,'processing',NULL,NULL,1,1,1,1,0,0,NULL,NULL,NULL,'pending_payment','ID: N/A | Status: 50% settled',NULL,NULL,NULL,'2026-01-25 11:59:18','2026-01-25 11:59:18'),('019bf5aa-a147-700b-b601-3e4b9b555b57','MSL-INV-20260125-V0GXUJYD','019bf5aa-a141-7033-a9a9-8f3bb3e0bcf4','Mosi','mosi@meatsoko.investor',NULL,'Kenya','individual','growth',200.00,2,100.00,'USD',1,'confirmed',NULL,NULL,1,1,1,1,0,0,'2026-01-25 11:59:18',NULL,NULL,'active','ID: N/A | Status: settled',NULL,NULL,NULL,'2026-01-25 11:59:18','2026-01-25 11:59:18'),('019bf5aa-a173-7367-98af-a418149780b6','MSL-INV-20260125-HCNKJS4B','019bf5aa-a169-70be-931c-faead38c33ba','Jamal Hussein James','jamal.hussein.james@meatsoko.investor',NULL,'Kenya','individual','anchor',7500.00,75,100.00,'USD',1,'confirmed',NULL,NULL,1,1,1,1,0,0,'2026-01-25 11:59:19',NULL,NULL,'active','ID: N/A | Status: settled',NULL,NULL,NULL,'2026-01-25 11:59:19','2026-01-25 11:59:19'),('019bf5aa-a18b-707f-beb7-0aa91bb47663','MSL-INV-20260125-JBFQX3IL','019bf5aa-a187-7177-8d7e-cd5644dec40c','Mare Lilli','mare.lilli@meatsoko.investor',NULL,'Kenya','individual','growth',100.00,1,100.00,'USD',1,'pending',NULL,NULL,1,1,1,1,0,0,NULL,NULL,NULL,'pending_payment','ID: N/A | Status: not_settled',NULL,NULL,NULL,'2026-01-25 11:59:19','2026-01-25 11:59:19'),('019bf5aa-a1a6-73b9-aa40-43737bee2f68','MSL-INV-20260125-ZRPRGLVQ','019bf5aa-a19c-7307-b271-9a222755ea30','Hirbo Shute','shutehirbo251@gmail.com',NULL,'Kenya','individual','anchor',10000.00,100,100.00,'USD',1,'processing',NULL,NULL,1,1,1,1,0,0,NULL,NULL,NULL,'pending_payment','ID: 42390444 | Status: 75% settled',NULL,NULL,NULL,'2026-01-25 11:59:19','2026-01-25 11:59:19'),('019bf5aa-a1c5-723f-b156-3669fb196442','MSL-INV-20260125-DUUFPVMB','019bf5aa-a1ba-7047-9d27-11caf3366acf','Abubakar Ndeti','abubakar.ndeti@meatsoko.investor',NULL,'Kenya','individual','growth',500.00,5,100.00,'USD',1,'confirmed',NULL,NULL,1,1,1,1,0,0,'2026-01-25 11:59:19',NULL,NULL,'active','ID: N/A | Status: settled',NULL,NULL,NULL,'2026-01-25 11:59:19','2026-01-25 11:59:19'),('019bf5aa-a20d-7002-bed2-d3530c02de3d','MSL-INV-20260125-DE8VR7PK','019bf5aa-a1e0-70e7-b3c3-ac36f71701ba','Anthony','antonywangui19@gmail.com',NULL,'Kenya','individual','growth',100.00,1,100.00,'USD',1,'confirmed',NULL,NULL,1,1,1,1,0,0,'2026-01-25 11:59:19',NULL,NULL,'active','ID: 37739281 | Status: settled',NULL,NULL,NULL,'2026-01-25 11:59:19','2026-01-25 11:59:19'),('019bf5aa-a222-705f-97b5-9908a678d5b1','MSL-INV-20260125-EBBKNOO0','019bf5aa-a21c-72ad-ba71-1f45051e0520','Bidu Godana','bidu.godana@meatsoko.investor',NULL,'Kenya','individual','growth',100.00,1,100.00,'USD',1,'confirmed',NULL,NULL,1,1,1,1,0,0,'2026-01-25 11:59:19',NULL,NULL,'active','ID: N/A | Status: settled',NULL,NULL,NULL,'2026-01-25 11:59:19','2026-01-25 11:59:19'),('019bf5aa-a242-7140-a27e-73f6951e0d9c','MSL-INV-20260125-V2YWM0IA','019bf5aa-a23b-72c5-90de-8e6b2e7bfc6c','Ayana Daudi','ayana.daudi@meatsoko.investor',NULL,'Kenya','individual','strategic',1000.00,10,100.00,'USD',1,'processing',NULL,NULL,1,1,1,1,0,0,NULL,NULL,NULL,'pending_payment','ID: N/A | Status: 75% settled',NULL,NULL,NULL,'2026-01-25 11:59:19','2026-01-25 11:59:19'),('019bf5aa-a28d-72df-a27c-2394ae12f4c5','MSL-INV-20260125-RNJOPNFC','019bf5aa-a25e-7323-bfb1-1d969459e452','ZamZam','zamzamabdi@gmail.com',NULL,'Kenya','individual','growth',100.00,1,100.00,'USD',1,'confirmed',NULL,NULL,1,1,1,1,0,0,'2026-01-25 11:59:19',NULL,NULL,'active','ID: N/A | Status: settled',NULL,NULL,NULL,'2026-01-25 11:59:19','2026-01-25 11:59:19'),('019bf5aa-a2a1-72c4-becf-e6530a616da9','MSL-INV-20260125-BEQGBI4Z','019bf5aa-a298-70d2-8b16-fa524d04bf48','Said Osman','said.osman@meatsoko.investor',NULL,'Kenya','individual','growth',100.00,1,100.00,'USD',1,'confirmed',NULL,NULL,1,1,1,1,0,0,'2026-01-25 11:59:19',NULL,NULL,'active','ID: N/A | Status: settled',NULL,NULL,NULL,'2026-01-25 11:59:19','2026-01-25 11:59:19'),('019bf5aa-a2b8-738d-a9b3-73a71423d935','MSL-INV-20260125-ESZW3USK','019bf5aa-a2b4-70f7-9df9-d7ea9cc7f22a','Chaka Dofa','chaka.dofa@meatsoko.investor',NULL,'Kenya','individual','growth',100.00,1,100.00,'USD',1,'processing',NULL,NULL,1,1,1,1,0,0,NULL,NULL,NULL,'pending_payment','ID: 38211060 | Status: 75% settled',NULL,NULL,NULL,'2026-01-25 11:59:19','2026-01-25 11:59:19'),('019bf5aa-a2d8-73e4-aca9-aaced6fad433','MSL-INV-20260125-KYS6QBWT','019bf5aa-a2d2-7005-a986-692f7e16c8e6','Hubachisa Aden Roba','hubachisaaden@gmail.com',NULL,'Kenya','individual','growth',100.00,1,100.00,'USD',1,'confirmed',NULL,NULL,1,1,1,1,0,0,'2026-01-25 11:59:19',NULL,NULL,'active','ID: 36628099 | Status: settled',NULL,NULL,NULL,'2026-01-25 11:59:19','2026-01-25 11:59:19'),('019bf5aa-a30a-731e-837d-246728adf67a','MSL-INV-20260125-P9ISQVI7','019bf5aa-a304-737a-be36-fa8c87df8565','Idris Kutala','idris.kutala@meatsoko.investor',NULL,'Kenya','individual','anchor',49900.00,499,100.00,'USD',1,'confirmed',NULL,NULL,1,1,1,1,0,0,'2026-01-25 11:59:19',NULL,NULL,'active','ID: N/A | Status: settled',NULL,NULL,NULL,'2026-01-25 11:59:19','2026-01-25 11:59:19'),('019bf5aa-a329-716b-ad53-1580441ae8dd','MSL-INV-20260125-AKYHVS7I','019bf5aa-a324-73dd-b336-1ce59f4ee08b','Sode Worku','sode.worku@meatsoko.investor',NULL,'Kenya','individual','strategic',2000.00,20,100.00,'USD',1,'confirmed',NULL,NULL,1,1,1,1,0,0,'2026-01-25 11:59:19',NULL,NULL,'active','ID: N/A | Status: settled',NULL,NULL,NULL,'2026-01-25 11:59:19','2026-01-25 11:59:19'),('019bf5aa-a349-73b3-9173-db846e0880ce','MSL-INV-20260125-ETWQ6BKH','019bf5aa-a33c-70d3-8d36-5293b20cbf94','Yahya Liban','yahyaliban526@gmail.com',NULL,'Kenya','individual','growth',100.00,1,100.00,'USD',1,'confirmed',NULL,NULL,1,1,1,1,0,0,'2026-01-25 11:59:19',NULL,NULL,'active','ID: N/A | Status: settled',NULL,NULL,NULL,'2026-01-25 11:59:19','2026-01-25 11:59:19');

--
-- Table structure for table `investors`
--

CREATE TABLE `investors` (
  `id` char(36) COLLATE utf8mb4_unicode_ci NOT NULL,
  `email` varchar(255) COLLATE utf8mb4_unicode_ci NOT NULL,
  `full_name` varchar(255) COLLATE utf8mb4_unicode_ci NOT NULL,
  `phone` varchar(50) COLLATE utf8mb4_unicode_ci DEFAULT NULL,
  `country` varchar(100) COLLATE utf8mb4_unicode_ci DEFAULT NULL,
  `investor_type` enum('individual','company','fund','family_office','institution') COLLATE utf8mb4_unicode_ci NOT NULL DEFAULT 'individual',
  `total_invested` decimal(15,2) NOT NULL DEFAULT '0.00',
  `active_investments` int NOT NULL DEFAULT '0',
  `lifetime_returns` decimal(15,2) NOT NULL DEFAULT '0.00',
  `kyc_status` enum('not_started','pending','approved','rejected') COLLATE utf8mb4_unicode_ci NOT NULL DEFAULT 'not_started',
  `kyc_documents` json DEFAULT NULL,
  `pep_status` tinyint(1) NOT NULL DEFAULT '0',
  `sanctions_checked` tinyint(1) NOT NULL DEFAULT '0',
  `risk_profile` enum('conservative','moderate','aggressive') COLLATE utf8mb4_unicode_ci DEFAULT NULL,
  `communication_preferences` json DEFAULT NULL,
  `last_login` timestamp NULL DEFAULT NULL,
  `dashboard_access` tinyint(1) NOT NULL DEFAULT '0',
  `created_at` timestamp NULL DEFAULT NULL,
  `updated_at` timestamp NULL DEFAULT NULL,
  PRIMARY KEY (`id`),
  UNIQUE KEY `investors_email_unique` (`email`),
  KEY `idx_investor_email` (`email`),
  KEY `idx_kyc_status` (`kyc_status`)
) ENGINE=InnoDB DEFAULT CHARSET=utf8mb4 COLLATE=utf8mb4_unicode_ci;

--
-- Dumping data for table `investors`
--

INSERT INTO `investors` VALUES ('019be089-2055-7125-ba75-5b184da4ebed','john.investor@example.com','John Investor','+254712345678','Kenya','individual',115000.00,2,0.00,'approved',NULL,0,0,'moderate',NULL,NULL,0,'2026-01-21 09:30:41','2026-01-21 09:30:41'),('019be089-215f-72dd-940e-95c53ad0674d','jane.capital@example.com','Jane Capital','+1234567890','United States','individual',115000.00,2,0.00,'pending',NULL,0,0,'aggressive',NULL,NULL,0,'2026-01-21 09:30:42','2026-01-21 09:30:42'),('019be089-218f-70dd-8ab9-d433b0bf03d7','acme.investments@example.com','ACME Investments Ltd','+44123456789','United Kingdom','company',115000.00,2,0.00,'approved',NULL,0,0,'moderate',NULL,NULL,0,'2026-01-21 09:30:42','2026-01-21 09:30:42'),('019be0da-aa5d-702a-9971-34bd18ded1c1','test@test.com','Test',NULL,NULL,'individual',0.00,0,0.00,'not_started',NULL,0,0,NULL,NULL,NULL,0,'2026-01-21 10:59:45','2026-01-21 10:59:45'),('019be139-63e9-725d-9895-10fb61392f71','john.doe@example.com','John Doe',NULL,NULL,'individual',0.00,0,0.00,'not_started',NULL,0,0,NULL,NULL,NULL,0,'2026-01-21 12:43:13','2026-01-21 12:43:13'),('019be16f-fde4-720d-8d04-0b9c99b8f4df','mosetireagan78@gmail.com','Investor',NULL,NULL,'individual',0.00,0,0.00,'not_started',NULL,0,0,NULL,NULL,NULL,0,'2026-01-21 13:42:51','2026-01-21 13:42:51'),('019bf5a9-11af-73ca-b9cb-1134a1f33d37','mohammedmiyo@gmail.com','Mohammed Miyo',NULL,'Kenya','individual',40000.00,2,0.00,'approved',NULL,0,0,NULL,NULL,NULL,1,'2026-01-25 11:57:36','2026-01-25 11:59:18'),('019bf5aa-9e5a-73d7-8609-29f677b9a343','jumamohammedchude@gmail.com','Juma Mohammed Chude',NULL,'Kenya','individual',0.00,0,0.00,'approved',NULL,0,0,NULL,NULL,NULL,1,'2026-01-25 11:59:18','2026-01-25 11:59:18'),('019bf5aa-9e91-7124-83c3-933df41d1716','abdikadir.guyo@meatsoko.investor','Abdikadir Guyo',NULL,'Kenya','individual',100.00,1,0.00,'not_started',NULL,0,0,NULL,NULL,NULL,1,'2026-01-25 11:59:18','2026-01-25 11:59:18'),('019bf5aa-9eb7-72ac-bd25-b8b488bb3219','reagan.moseti@meatsoko.investor','Reagan Moseti',NULL,'Kenya','individual',7500.00,1,0.00,'not_started',NULL,0,0,NULL,NULL,NULL,1,'2026-01-25 11:59:18','2026-01-25 11:59:18'),('019bf5aa-9edf-7220-85f4-8c29f9df254d','brighton@meatsoko.investor','Brighton',NULL,'Kenya','individual',600.00,1,0.00,'not_started',NULL,0,0,NULL,NULL,NULL,1,'2026-01-25 11:59:18','2026-01-25 11:59:18'),('019bf5aa-9eff-712f-aac3-29c97a03a8d2','ombati@meatsoko.investor','Ombati',NULL,'Kenya','individual',700.00,1,0.00,'not_started',NULL,0,0,NULL,NULL,NULL,1,'2026-01-25 11:59:18','2026-01-25 11:59:18'),('019bf5aa-9f1e-703f-a1e9-2a8016d9c894','jumaabdikadir9@gmail.com','Juma Abdikadir',NULL,'Kenya','individual',500.00,1,0.00,'approved',NULL,0,0,NULL,NULL,NULL,1,'2026-01-25 11:59:18','2026-01-25 11:59:18'),('019bf5aa-9f3d-72f8-873a-1a5f2c69ea83','barbe.gambo@meatsoko.investor','Barbe Gambo',NULL,'Kenya','individual',2200.00,1,0.00,'not_started',NULL,0,0,NULL,NULL,NULL,1,'2026-01-25 11:59:18','2026-01-25 11:59:18'),('019bf5aa-9f58-704a-85d3-a865ca38adc3','aarongreene981@gmail.com','Aaron Greene',NULL,'Kenya','individual',1900.00,1,0.00,'not_started',NULL,0,0,NULL,NULL,NULL,1,'2026-01-25 11:59:18','2026-01-25 11:59:18'),('019bf5aa-9f74-70cc-9197-8f9dac3ee5de','taso.malaso@meatsoko.investor','Taso Malaso',NULL,'Kenya','individual',300.00,1,0.00,'not_started',NULL,0,0,NULL,NULL,NULL,1,'2026-01-25 11:59:18','2026-01-25 11:59:18'),('019bf5aa-9f91-7160-9a51-d52ad1c4b2f1','bahatiabdi834@gmail.com','Bahati Abdi',NULL,'Kenya','individual',100.00,1,0.00,'approved',NULL,0,0,NULL,NULL,NULL,1,'2026-01-25 11:59:18','2026-01-25 11:59:18'),('019bf5aa-9fb5-73be-b85c-3fcd5af92fa5','iddy.abdallah.obura@meatsoko.investor','Iddy Abdallah Obura',NULL,'Kenya','individual',1000.00,1,0.00,'approved',NULL,0,0,NULL,NULL,NULL,1,'2026-01-25 11:59:18','2026-01-25 11:59:18'),('019bf5aa-9fd6-72d0-b9dd-5a591256df22','adamsfarzool@gmail.com','Adan Jilo Mare',NULL,'Kenya','individual',0.00,0,0.00,'approved',NULL,0,0,NULL,NULL,NULL,1,'2026-01-25 11:59:18','2026-01-25 11:59:18'),('019bf5aa-a094-7292-a289-3f09c12ee66f','oba.mio.duba@meatsoko.investor','Oba Mio Duba',NULL,'Kenya','individual',0.00,0,0.00,'not_started',NULL,0,0,NULL,NULL,NULL,1,'2026-01-25 11:59:18','2026-01-25 11:59:18'),('019bf5aa-a0d1-725d-9c24-b4ba9e19df8f','dida.sora@meatsoko.investor','Dida Sora',NULL,'Kenya','individual',0.00,0,0.00,'approved',NULL,0,0,NULL,NULL,NULL,1,'2026-01-25 11:59:18','2026-01-25 11:59:18'),('019bf5aa-a0e4-7242-b742-234a23e42d89','galgallo.huka@meatsoko.investor','Galgallo Huka',NULL,'Kenya','individual',0.00,0,0.00,'not_started',NULL,0,0,NULL,NULL,NULL,1,'2026-01-25 11:59:18','2026-01-25 11:59:18'),('019bf5aa-a126-732b-9278-8a5341ca92a9','luko.hasso@meatsoko.investor','Luko Hasso',NULL,'Kenya','individual',0.00,0,0.00,'not_started',NULL,0,0,NULL,NULL,NULL,1,'2026-01-25 11:59:18','2026-01-25 11:59:18'),('019bf5aa-a141-7033-a9a9-8f3bb3e0bcf4','mosi@meatsoko.investor','Mosi',NULL,'Kenya','individual',200.00,1,0.00,'not_started',NULL,0,0,NULL,NULL,NULL,1,'2026-01-25 11:59:18','2026-01-25 11:59:19'),('019bf5aa-a169-70be-931c-faead38c33ba','jamal.hussein.james@meatsoko.investor','Jamal Hussein James',NULL,'Kenya','individual',7500.00,1,0.00,'not_started',NULL,0,0,NULL,NULL,NULL,1,'2026-01-25 11:59:19','2026-01-25 11:59:19'),('019bf5aa-a187-7177-8d7e-cd5644dec40c','mare.lilli@meatsoko.investor','Mare Lilli',NULL,'Kenya','individual',0.00,0,0.00,'not_started',NULL,0,0,NULL,NULL,NULL,1,'2026-01-25 11:59:19','2026-01-25 11:59:19'),('019bf5aa-a19c-7307-b271-9a222755ea30','shutehirbo251@gmail.com','Hirbo Shute',NULL,'Kenya','individual',0.00,0,0.00,'approved',NULL,0,0,NULL,NULL,NULL,1,'2026-01-25 11:59:19','2026-01-25 11:59:19'),('019bf5aa-a1ba-7047-9d27-11caf3366acf','abubakar.ndeti@meatsoko.investor','Abubakar Ndeti',NULL,'Kenya','individual',500.00,1,0.00,'not_started',NULL,0,0,NULL,NULL,NULL,1,'2026-01-25 11:59:19','2026-01-25 11:59:19'),('019bf5aa-a1e0-70e7-b3c3-ac36f71701ba','antonywangui19@gmail.com','Anthony',NULL,'Kenya','individual',100.00,1,0.00,'approved',NULL,0,0,NULL,NULL,NULL,1,'2026-01-25 11:59:19','2026-01-25 11:59:19'),('019bf5aa-a21c-72ad-ba71-1f45051e0520','bidu.godana@meatsoko.investor','Bidu Godana',NULL,'Kenya','individual',100.00,1,0.00,'not_started',NULL,0,0,NULL,NULL,NULL,1,'2026-01-25 11:59:19','2026-01-25 11:59:19'),('019bf5aa-a23b-72c5-90de-8e6b2e7bfc6c','ayana.daudi@meatsoko.investor','Ayana Daudi',NULL,'Kenya','individual',0.00,0,0.00,'not_started',NULL,0,0,NULL,NULL,NULL,1,'2026-01-25 11:59:19','2026-01-25 11:59:19'),('019bf5aa-a25e-7323-bfb1-1d969459e452','zamzamabdi@gmail.com','ZamZam',NULL,'Kenya','individual',100.00,1,0.00,'not_started',NULL,0,0,NULL,NULL,NULL,1,'2026-01-25 11:59:19','2026-01-25 11:59:19'),('019bf5aa-a298-70d2-8b16-fa524d04bf48','said.osman@meatsoko.investor','Said Osman',NULL,'Kenya','individual',100.00,1,0.00,'not_started',NULL,0,0,NULL,NULL,NULL,1,'2026-01-25 11:59:19','2026-01-25 11:59:19'),('019bf5aa-a2b4-70f7-9df9-d7ea9cc7f22a','chaka.dofa@meatsoko.investor','Chaka Dofa',NULL,'Kenya','individual',0.00,0,0.00,'approved',NULL,0,0,NULL,NULL,NULL,1,'2026-01-25 11:59:19','2026-01-25 11:59:19'),('019bf5aa-a2d2-7005-a986-692f7e16c8e6','hubachisaaden@gmail.com','Hubachisa Aden Roba',NULL,'Kenya','individual',100.00,1,0.00,'approved',NULL,0,0,NULL,NULL,NULL,1,'2026-01-25 11:59:19','2026-01-25 11:59:19'),('019bf5aa-a304-737a-be36-fa8c87df8565','idris.kutala@meatsoko.investor','Idris Kutala',NULL,'Kenya','individual',49900.00,1,0.00,'not_started',NULL,0,0,NULL,NULL,NULL,1,'2026-01-25 11:59:19','2026-01-25 11:59:19'),('019bf5aa-a324-73dd-b336-1ce59f4ee08b','sode.worku@meatsoko.investor','Sode Worku',NULL,'Kenya','individual',2000.00,1,0.00,'not_started',NULL,0,0,NULL,NULL,NULL,1,'2026-01-25 11:59:19','2026-01-25 11:59:19'),('019bf5aa-a33c-70d3-8d36-5293b20cbf94','yahyaliban526@gmail.com','Yahya Liban',NULL,'Kenya','individual',100.00,1,0.00,'not_started',NULL,0,0,NULL,NULL,NULL,1,'2026-01-25 11:59:19','2026-01-25 11:59:19');

--
-- Table structure for table `job_batches`
--

CREATE TABLE `job_batches` (
  `id` varchar(255) COLLATE utf8mb4_unicode_ci NOT NULL,
  `name` varchar(255) COLLATE utf8mb4_unicode_ci NOT NULL,
  `total_jobs` int NOT NULL,
  `pending_jobs` int NOT NULL,
  `failed_jobs` int NOT NULL,
  `failed_job_ids` longtext COLLATE utf8mb4_unicode_ci NOT NULL,
  `options` mediumtext COLLATE utf8mb4_unicode_ci,
  `cancelled_at` int DEFAULT NULL,
  `created_at` int NOT NULL,
  `finished_at` int DEFAULT NULL,
  PRIMARY KEY (`id`)
) ENGINE=InnoDB DEFAULT CHARSET=utf8mb4 COLLATE=utf8mb4_unicode_ci;

--
-- Dumping data for table `job_batches`
--


--
-- Table structure for table `jobs`
--

CREATE TABLE `jobs` (
  `id` bigint unsigned NOT NULL AUTO_INCREMENT,
  `queue` varchar(255) COLLATE utf8mb4_unicode_ci NOT NULL,
  `payload` longtext COLLATE utf8mb4_unicode_ci NOT NULL,
  `attempts` tinyint unsigned NOT NULL,
  `reserved_at` int unsigned DEFAULT NULL,
  `available_at` int unsigned NOT NULL,
  `created_at` int unsigned NOT NULL,
  PRIMARY KEY (`id`),
  KEY `jobs_queue_index` (`queue`)
) ENGINE=InnoDB DEFAULT CHARSET=utf8mb4 COLLATE=utf8mb4_unicode_ci;

--
-- Dumping data for table `jobs`
--


--
-- Table structure for table `kyc_documents`
--

CREATE TABLE `kyc_documents` (
  `id` char(36) COLLATE utf8mb4_unicode_ci NOT NULL,
  `investor_id` char(36) COLLATE utf8mb4_unicode_ci NOT NULL,
  `document_type` enum('passport','national_id','drivers_license','proof_of_address','source_of_funds') COLLATE utf8mb4_unicode_ci NOT NULL,
  `file_url` text COLLATE utf8mb4_unicode_ci NOT NULL,
  `file_name` varchar(255) COLLATE utf8mb4_unicode_ci DEFAULT NULL,
  `file_size` varchar(255) COLLATE utf8mb4_unicode_ci DEFAULT NULL,
  `uploaded_at` timestamp NOT NULL DEFAULT CURRENT_TIMESTAMP,
  `verified_by` char(36) COLLATE utf8mb4_unicode_ci DEFAULT NULL,
  `verified_at` timestamp NULL DEFAULT NULL,
  `status` enum('pending','approved','rejected') COLLATE utf8mb4_unicode_ci NOT NULL DEFAULT 'pending',
  `rejection_reason` text COLLATE utf8mb4_unicode_ci,
  `created_at` timestamp NULL DEFAULT NULL,
  `updated_at` timestamp NULL DEFAULT NULL,
  PRIMARY KEY (`id`),
  KEY `kyc_documents_investor_id_foreign` (`investor_id`),
  KEY `kyc_documents_verified_by_foreign` (`verified_by`),
  CONSTRAINT `kyc_documents_investor_id_foreign` FOREIGN KEY (`investor_id`) REFERENCES `investors` (`id`) ON DELETE CASCADE,
  CONSTRAINT `kyc_documents_verified_by_foreign` FOREIGN KEY (`verified_by`) REFERENCES `admin_users` (`id`) ON DELETE SET NULL
) ENGINE=InnoDB DEFAULT CHARSET=utf8mb4 COLLATE=utf8mb4_unicode_ci;

--
-- Dumping data for table `kyc_documents`
--


--
-- Table structure for table `migrations`
--

CREATE TABLE `migrations` (
  `id` int unsigned NOT NULL AUTO_INCREMENT,
  `migration` varchar(255) COLLATE utf8mb4_unicode_ci NOT NULL,
  `batch` int NOT NULL,
  PRIMARY KEY (`id`)
) ENGINE=InnoDB AUTO_INCREMENT=16 DEFAULT CHARSET=utf8mb4 COLLATE=utf8mb4_unicode_ci;

--
-- Dumping data for table `migrations`
--

INSERT INTO `migrations` VALUES (1,'0001_01_01_000000_create_users_table',1),(2,'0001_01_01_000001_create_cache_table',1),(3,'0001_01_01_000002_create_jobs_table',1),(4,'2026_01_21_000001_create_investors_table',2),(5,'2026_01_21_000002_create_investments_table',2),(6,'2026_01_21_000003_create_admin_users_table',2),(7,'2026_01_21_000004_create_kyc_documents_table',2),(8,'2026_01_21_000005_create_payment_transactions_table',2),(9,'2026_01_21_000006_create_dividend_payments_table',2),(10,'2026_01_21_000007_create_email_logs_table',2),(11,'2026_01_21_000008_create_audit_logs_table',2),(12,'2026_01_21_151450_create_personal_access_tokens_table',3),(13,'2026_01_25_143934_add_shares_to_investments_table',4),(14,'2026_01_25_153243_create_company_targets_table',5),(15,'2026_01_25_153243_create_payout_schedules_table',5);

--
-- Table structure for table `payout_schedules`
--

CREATE TABLE `payout_schedules` (
  `id` char(36) COLLATE utf8mb4_unicode_ci NOT NULL,
  `investment_id` char(36) COLLATE utf8mb4_unicode_ci DEFAULT NULL,
  `scheduled_date` date NOT NULL,
  `amount` decimal(15,2) NOT NULL,
  `status` varchar(255) COLLATE utf8mb4_unicode_ci NOT NULL DEFAULT 'pending',
  `type` varchar(255) COLLATE utf8mb4_unicode_ci NOT NULL DEFAULT 'dividend',
  `notes` varchar(255) COLLATE utf8mb4_unicode_ci DEFAULT NULL,
  `processed_at` timestamp NULL DEFAULT NULL,
  `created_at` timestamp NULL DEFAULT NULL,
  `updated_at` timestamp NULL DEFAULT NULL,
  PRIMARY KEY (`id`),
  KEY `payout_schedules_investment_id_foreign` (`investment_id`),
  KEY `payout_schedules_scheduled_date_status_index` (`scheduled_date`,`status`),
  CONSTRAINT `payout_schedules_investment_id_foreign` FOREIGN KEY (`investment_id`) REFERENCES `investments` (`id`) ON DELETE SET NULL
) ENGINE=InnoDB DEFAULT CHARSET=utf8mb4 COLLATE=utf8mb4_unicode_ci;

--
-- Dumping data for table `payout_schedules`
--


--
-- Table structure for table `sessions`
--

CREATE TABLE `sessions` (
  `id` varchar(255) COLLATE utf8mb4_unicode_ci NOT NULL,
  `user_id` bigint unsigned DEFAULT NULL,
  `ip_address` varchar(45) COLLATE utf8mb4_unicode_ci DEFAULT NULL,
  `user_agent` text COLLATE utf8mb4_unicode_ci,
  `payload` longtext COLLATE utf8mb4_unicode_ci NOT NULL,
  `last_activity` int NOT NULL,
  PRIMARY KEY (`id`),
  KEY `sessions_user_id_index` (`user_id`),
  KEY `sessions_last_activity_index` (`last_activity`)
) ENGINE=InnoDB DEFAULT CHARSET=utf8mb4 COLLATE=utf8mb4_unicode_ci;

--
-- Dumping data for table `sessions`
--

INSERT INTO `sessions` VALUES ('0AV7CGrsrFjP01wbxywe3jOhadI2aEpvtarIBQOw',NULL,'127.0.0.1','Mozilla/5.0 (Macintosh; Intel Mac OS X 10_15_7) AppleWebKit/537.36 (KHTML, like Gecko) Chrome/143.0.0.0 Safari/537.36','YTozOntzOjY6Il90b2tlbiI7czo0MDoiWm8xeHM3N3F0OGtkNFVCbzY4aFU3czlTVlUwdU9KMVF3dnFoeHAxVyI7czo5OiJfcHJldmlvdXMiO2E6Mjp7czozOiJ1cmwiO3M6NjA6Imh0dHA6Ly8xMjcuMC4wLjE6ODAwMC9hcGkvaW52ZXN0b3JzL2ludmVzdG9yLTAwMS9pbnZlc3RtZW50cyI7czo1OiJyb3V0ZSI7Tjt9czo2OiJfZmxhc2giO2E6Mjp7czozOiJvbGQiO2E6MDp7fXM6MzoibmV3IjthOjA6e319fQ==',1769010181),('0qMsOUD1yOIayGiRKoA0FYfJ1WmTOBHrJoHimZdu',NULL,'127.0.0.1','Mozilla/5.0 (Macintosh; Intel Mac OS X 10_15_7) AppleWebKit/537.36 (KHTML, like Gecko) Chrome/143.0.0.0 Safari/537.36','YToyOntzOjY6Il90b2tlbiI7czo0MDoiVjlKYktqdXljNFdvbTZselQ2ZlhSWkIyTkNJSGEyVlVLUXhFWlBDcCI7czo2OiJfZmxhc2giO2E6Mjp7czozOiJvbGQiO2E6MDp7fXM6MzoibmV3IjthOjA6e319fQ==',1769012574),('14JU5ZBwlxa1PlNihNUYeeieYdudWpwGt1qtKx78',NULL,'127.0.0.1','Mozilla/5.0 (Macintosh; Intel Mac OS X 10_15_7) AppleWebKit/537.36 (KHTML, like Gecko) Chrome/143.0.0.0 Safari/537.36','YTozOntzOjY6Il90b2tlbiI7czo0MDoiaGNVTzI5elZVNXRGMGJBVWdmUWJDZVhpUVhhR0VPVm5PMzgzNGZXSSI7czo5OiJfcHJldmlvdXMiO2E6Mjp7czozOiJ1cmwiO3M6NjA6Imh0dHA6Ly8xMjcuMC4wLjE6ODAwMC9hcGkvaW52ZXN0b3JzL2ludmVzdG9yLTAwMS9pbnZlc3RtZW50cyI7czo1OiJyb3V0ZSI7Tjt9czo2OiJfZmxhc2giO2E6Mjp7czozOiJvbGQiO2E6MDp7fXM6MzoibmV3IjthOjA6e319fQ==',1769007179),('19JOy9DCnGsYTGcxTVnvNUGxToLVcliyGEZJPK5h',NULL,'127.0.0.1','Mozilla/5.0 (Macintosh; Intel Mac OS X 10_15_7) AppleWebKit/537.36 (KHTML, like Gecko) Chrome/143.0.0.0 Safari/537.36','YTozOntzOjY6Il90b2tlbiI7czo0MDoiUmRqcW43NUpzb21uWHIySm1uVUZ4NVdFRnJpUXVSeVd4N1NyQ1g2TSI7czo5OiJfcHJldmlvdXMiO2E6Mjp7czozOiJ1cmwiO3M6NDg6Imh0dHA6Ly8xMjcuMC4wLjE6ODAwMC9hcGkvaW52ZXN0b3JzL2ludmVzdG9yLTAwMSI7czo1OiJyb3V0ZSI7Tjt9czo2OiJfZmxhc2giO2E6Mjp7czozOiJvbGQiO2E6MDp7fXM6MzoibmV3IjthOjA6e319fQ==',1769013473),('1aEKJjuffXwgkvtvAryYGzB4tWFlB5guwrRgfoSV',NULL,'127.0.0.1','Mozilla/5.0 (Macintosh; Intel Mac OS X 10_15_7) AppleWebKit/537.36 (KHTML, like Gecko) Chrome/143.0.0.0 Safari/537.36','YTozOntzOjY6Il90b2tlbiI7czo0MDoiNDBjN0p1a2xRTDY4M1l2eGhsaGtpdFNYTkJ3ejROejBGVXkyd21tbSI7czo5OiJfcHJldmlvdXMiO2E6Mjp7czozOiJ1cmwiO3M6NDg6Imh0dHA6Ly8xMjcuMC4wLjE6ODAwMC9hcGkvaW52ZXN0b3JzL2ludmVzdG9yLTAwMSI7czo1OiJyb3V0ZSI7Tjt9czo2OiJfZmxhc2giO2E6Mjp7czozOiJvbGQiO2E6MDp7fXM6MzoibmV3IjthOjA6e319fQ==',1769010489),('207w9zlzr5nHWfUeuPpqYLbRuG168NAbGj2AbfuA',NULL,'127.0.0.1','Mozilla/5.0 (Macintosh; Intel Mac OS X 10_15_7) AppleWebKit/537.36 (KHTML, like Gecko) Chrome/143.0.0.0 Safari/537.36','YTozOntzOjY6Il90b2tlbiI7czo0MDoiclRwaWU5YVc1b1lmRmQzeDhUOW5hMjBWME84NXhGclMzS2pzSXVRZyI7czo5OiJfcHJldmlvdXMiO2E6Mjp7czozOiJ1cmwiO3M6NTg6Imh0dHA6Ly8xMjcuMC4wLjE6ODAwMC9hcGkvaW52ZXN0b3JzL2ludmVzdG9yLTAwMS9kaXZpZGVuZHMiO3M6NToicm91dGUiO047fXM6NjoiX2ZsYXNoIjthOjI6e3M6Mzoib2xkIjthOjA6e31zOjM6Im5ldyI7YTowOnt9fX0=',1769010490),('2Yhp5GCGfgS5TEV6SGC6V6awOukwBPpRVQ9siOHd',NULL,'127.0.0.1','Mozilla/5.0 (iPhone; CPU iPhone OS 18_5 like Mac OS X) AppleWebKit/605.1.15 (KHTML, like Gecko) Version/18.5 Mobile/15E148 Safari/604.1','YToyOntzOjY6Il90b2tlbiI7czo0MDoiVHFoRHZtejE2aGY1R1VEM1RtNUZnVkNTSzBKZ2dBS1hXUUhTYTJIMyI7czo2OiJfZmxhc2giO2E6Mjp7czozOiJvbGQiO2E6MDp7fXM6MzoibmV3IjthOjA6e319fQ==',1769011513),('53jWUMbG2DFpOgFemab9BLFyyiAMdqqQQegvbpEQ',NULL,'127.0.0.1','Mozilla/5.0 (Macintosh; Intel Mac OS X 10_15_7) AppleWebKit/537.36 (KHTML, like Gecko) Chrome/143.0.0.0 Safari/537.36','YTozOntzOjY6Il90b2tlbiI7czo0MDoiaU54alM3bGp4TnNmNFExTWtrZVJGc3A2WWJpVEoya1c3VmoyV0RNZSI7czo5OiJfcHJldmlvdXMiO2E6Mjp7czozOiJ1cmwiO3M6NTg6Imh0dHA6Ly8xMjcuMC4wLjE6ODAwMC9hcGkvaW52ZXN0b3JzL2ludmVzdG9yLTAwMS9kaXZpZGVuZHMiO3M6NToicm91dGUiO047fXM6NjoiX2ZsYXNoIjthOjI6e3M6Mzoib2xkIjthOjA6e31zOjM6Im5ldyI7YTowOnt9fX0=',1769012638),('6akgebTrE7O2eMhgLCXlbiXZtaqJDMFbkEqtR3HQ',NULL,'127.0.0.1','Mozilla/5.0 (Macintosh; Intel Mac OS X 10_15_7) AppleWebKit/537.36 (KHTML, like Gecko) Chrome/143.0.0.0 Safari/537.36','YTozOntzOjY6Il90b2tlbiI7czo0MDoibjBrdEQzVDZjQk01c0dpdGIwMFZUdDM3NGNnU3Q4SFNhVDQ4Y1UxMCI7czo5OiJfcHJldmlvdXMiO2E6Mjp7czozOiJ1cmwiO3M6NDg6Imh0dHA6Ly8xMjcuMC4wLjE6ODAwMC9hcGkvaW52ZXN0b3JzL2ludmVzdG9yLTAwMSI7czo1OiJyb3V0ZSI7Tjt9czo2OiJfZmxhc2giO2E6Mjp7czozOiJvbGQiO2E6MDp7fXM6MzoibmV3IjthOjA6e319fQ==',1769010489),('6n0f6o0CS7icWearO2LfWFsQt0JSElHMsWYXqzmc',NULL,'127.0.0.1','Mozilla/5.0 (Macintosh; Intel Mac OS X 10_15_7) AppleWebKit/537.36 (KHTML, like Gecko) Chrome/143.0.0.0 Safari/537.36','YTozOntzOjY6Il90b2tlbiI7czo0MDoidEZyZU9Td2VCYjlER0k1R29qZ2JicE1NbVp5aGZNSTZYMVRHck1KSCI7czo5OiJfcHJldmlvdXMiO2E6Mjp7czozOiJ1cmwiO3M6NjA6Imh0dHA6Ly8xMjcuMC4wLjE6ODAwMC9hcGkvaW52ZXN0b3JzL2ludmVzdG9yLTAwMS9pbnZlc3RtZW50cyI7czo1OiJyb3V0ZSI7Tjt9czo2OiJfZmxhc2giO2E6Mjp7czozOiJvbGQiO2E6MDp7fXM6MzoibmV3IjthOjA6e319fQ==',1769011890),('6YGvqOFY0yucuF6KAN31p6MysddsFQshVMT6V0NE',NULL,'127.0.0.1','Mozilla/5.0 (Macintosh; Intel Mac OS X 10_15_7) AppleWebKit/537.36 (KHTML, like Gecko) Chrome/143.0.0.0 Safari/537.36','YTozOntzOjY6Il90b2tlbiI7czo0MDoiQzhKbWRkbTNwYkJONjJQYkdRSEtpSEExN2kwVlRHdDl3aDh3TlBSMyI7czo5OiJfcHJldmlvdXMiO2E6Mjp7czozOiJ1cmwiO3M6NTg6Imh0dHA6Ly8xMjcuMC4wLjE6ODAwMC9hcGkvaW52ZXN0b3JzL2ludmVzdG9yLTAwMS9kaXZpZGVuZHMiO3M6NToicm91dGUiO047fXM6NjoiX2ZsYXNoIjthOjI6e3M6Mzoib2xkIjthOjA6e31zOjM6Im5ldyI7YTowOnt9fX0=',1769008202),('772Ib5AdzxSEBOBzg9SaCFoaXPOP74BjrBBxt8aQ',NULL,'127.0.0.1','Mozilla/5.0 (Macintosh; Intel Mac OS X 10_15_7) AppleWebKit/537.36 (KHTML, like Gecko) Chrome/143.0.0.0 Safari/537.36','YTozOntzOjY6Il90b2tlbiI7czo0MDoiZTh3MEVrSWJUYmxBR1lLRVVMZXd6WnVveEtCaWYzNWYxOWEzTVdwaCI7czo5OiJfcHJldmlvdXMiO2E6Mjp7czozOiJ1cmwiO3M6NjA6Imh0dHA6Ly8xMjcuMC4wLjE6ODAwMC9hcGkvaW52ZXN0b3JzL2ludmVzdG9yLTAwMS9pbnZlc3RtZW50cyI7czo1OiJyb3V0ZSI7Tjt9czo2OiJfZmxhc2giO2E6Mjp7czozOiJvbGQiO2E6MDp7fXM6MzoibmV3IjthOjA6e319fQ==',1769010181),('7MtDdxyKUF1ZakBazg0DS3xjW9T5Y25b4HdrvIfx',NULL,'127.0.0.1','Mozilla/5.0 (Macintosh; Intel Mac OS X 10_15_7) AppleWebKit/537.36 (KHTML, like Gecko) Chrome/143.0.0.0 Safari/537.36','YTozOntzOjY6Il90b2tlbiI7czo0MDoiejZRUGsxT0FxQkFIbEZmZE9JMjl6SnF6Y2w2OWVadklaTmhqM3BwRCI7czo5OiJfcHJldmlvdXMiO2E6Mjp7czozOiJ1cmwiO3M6NTg6Imh0dHA6Ly8xMjcuMC4wLjE6ODAwMC9hcGkvaW52ZXN0b3JzL2ludmVzdG9yLTAwMS9kaXZpZGVuZHMiO3M6NToicm91dGUiO047fXM6NjoiX2ZsYXNoIjthOjI6e3M6Mzoib2xkIjthOjA6e31zOjM6Im5ldyI7YTowOnt9fX0=',1769009576),('7v4smaLfWI1zMBc4O6rMKQdpCkCTtZSKFMlEXfVu',NULL,'127.0.0.1','Mozilla/5.0 (Macintosh; Intel Mac OS X 10_15_7) AppleWebKit/537.36 (KHTML, like Gecko) Chrome/143.0.0.0 Safari/537.36','YTozOntzOjY6Il90b2tlbiI7czo0MDoidkZRRFp6NmJLeVFxOHdOV0xPREVMc2RIUjBKaXBxU1FOaVdDekIwZCI7czo5OiJfcHJldmlvdXMiO2E6Mjp7czozOiJ1cmwiO3M6NTg6Imh0dHA6Ly8xMjcuMC4wLjE6ODAwMC9hcGkvaW52ZXN0b3JzL2ludmVzdG9yLTAwMS9kaXZpZGVuZHMiO3M6NToicm91dGUiO047fXM6NjoiX2ZsYXNoIjthOjI6e3M6Mzoib2xkIjthOjA6e31zOjM6Im5ldyI7YTowOnt9fX0=',1769013516),('8NzMdV2EAUXMKKd46iXxVH1VU4WeR9NSb4tLHr39',NULL,'127.0.0.1','Mozilla/5.0 (Macintosh; Intel Mac OS X 10_15_7) AppleWebKit/537.36 (KHTML, like Gecko) Chrome/143.0.0.0 Safari/537.36','YTozOntzOjY6Il90b2tlbiI7czo0MDoicGMwUmNxeVBlUWVNSVh0YlM3bzZNOG9PMERFejF6Y1Q5V0lHSjNTNCI7czo5OiJfcHJldmlvdXMiO2E6Mjp7czozOiJ1cmwiO3M6NDg6Imh0dHA6Ly8xMjcuMC4wLjE6ODAwMC9hcGkvaW52ZXN0b3JzL2ludmVzdG9yLTAwMSI7czo1OiJyb3V0ZSI7Tjt9czo2OiJfZmxhc2giO2E6Mjp7czozOiJvbGQiO2E6MDp7fXM6MzoibmV3IjthOjA6e319fQ==',1769013473),('8sAqVF5YLKK5twMzWwYg7JTpi6Vg3PwULXhdyT0e',NULL,'127.0.0.1','Mozilla/5.0 (Macintosh; Intel Mac OS X 10_15_7) AppleWebKit/537.36 (KHTML, like Gecko) Chrome/143.0.0.0 Safari/537.36','YTozOntzOjY6Il90b2tlbiI7czo0MDoiT1ZwcGJUWTFOc3dsQ1hQa2RLcDFZQnhJbWpmZkthS09sR2haNDhCbCI7czo5OiJfcHJldmlvdXMiO2E6Mjp7czozOiJ1cmwiO3M6NDg6Imh0dHA6Ly8xMjcuMC4wLjE6ODAwMC9hcGkvaW52ZXN0b3JzL2ludmVzdG9yLTAwMSI7czo1OiJyb3V0ZSI7Tjt9czo2OiJfZmxhc2giO2E6Mjp7czozOiJvbGQiO2E6MDp7fXM6MzoibmV3IjthOjA6e319fQ==',1769008197),('8uKYfjwbflUkJIfvKqZb5LrQF4CHnLLy4aGxyxqX',NULL,'127.0.0.1','Mozilla/5.0 (Macintosh; Intel Mac OS X 10_15_7) AppleWebKit/537.36 (KHTML, like Gecko) Chrome/143.0.0.0 Safari/537.36','YTozOntzOjY6Il90b2tlbiI7czo0MDoiOTJRV2pGQ1ZXU2NuWWNPak5HeXplQ2d5dHlEWkpwMXJoYVlDTlFXOCI7czo5OiJfcHJldmlvdXMiO2E6Mjp7czozOiJ1cmwiO3M6NDg6Imh0dHA6Ly8xMjcuMC4wLjE6ODAwMC9hcGkvaW52ZXN0b3JzL2ludmVzdG9yLTAwMSI7czo1OiJyb3V0ZSI7Tjt9czo2OiJfZmxhc2giO2E6Mjp7czozOiJvbGQiO2E6MDp7fXM6MzoibmV3IjthOjA6e319fQ==',1769008197),('8vJDX7TfkysdtdOPdYSQWK5mANhhzVclqn2J7kfX',NULL,'127.0.0.1','Mozilla/5.0 (Macintosh; Intel Mac OS X 10_15_7) AppleWebKit/537.36 (KHTML, like Gecko) Chrome/143.0.0.0 Safari/537.36','YTozOntzOjY6Il90b2tlbiI7czo0MDoiU3RTOGZ6aTZ3c3FLQTloV0l5SnFQZUJhSDRuYU9MSDJ0ZzZ2akFhTCI7czo5OiJfcHJldmlvdXMiO2E6Mjp7czozOiJ1cmwiO3M6NTg6Imh0dHA6Ly8xMjcuMC4wLjE6ODAwMC9hcGkvaW52ZXN0b3JzL2ludmVzdG9yLTAwMS9kaXZpZGVuZHMiO3M6NToicm91dGUiO047fXM6NjoiX2ZsYXNoIjthOjI6e3M6Mzoib2xkIjthOjA6e31zOjM6Im5ldyI7YTowOnt9fX0=',1769008161),('94wqYA4WHoVqQWLp52OPLCHKiDyqtoDVneQetpBy',NULL,'127.0.0.1','Mozilla/5.0 (Macintosh; Intel Mac OS X 10_15_7) AppleWebKit/537.36 (KHTML, like Gecko) Chrome/143.0.0.0 Safari/537.36','YTozOntzOjY6Il90b2tlbiI7czo0MDoiaGxla0FQeEM3ZXhqSk5Xam4xUWN5bUxXNXZMTlVueEI3UXV1U2trMiI7czo5OiJfcHJldmlvdXMiO2E6Mjp7czozOiJ1cmwiO3M6NjA6Imh0dHA6Ly8xMjcuMC4wLjE6ODAwMC9hcGkvaW52ZXN0b3JzL2ludmVzdG9yLTAwMS9pbnZlc3RtZW50cyI7czo1OiJyb3V0ZSI7Tjt9czo2OiJfZmxhc2giO2E6Mjp7czozOiJvbGQiO2E6MDp7fXM6MzoibmV3IjthOjA6e319fQ==',1769009575),('9qeYd0C3aZPuY9t7jauc2jhaq35dD491XKKLYPJh',NULL,'127.0.0.1','Mozilla/5.0 (Macintosh; Intel Mac OS X 10_15_7) AppleWebKit/537.36 (KHTML, like Gecko) Chrome/143.0.0.0 Safari/537.36','YTozOntzOjY6Il90b2tlbiI7czo0MDoiMFRWYlEyQThnOGdzYzRqejcxUVhSams4eFZ1MzNrNmFaY081WnJEOSI7czo5OiJfcHJldmlvdXMiO2E6Mjp7czozOiJ1cmwiO3M6NjA6Imh0dHA6Ly8xMjcuMC4wLjE6ODAwMC9hcGkvaW52ZXN0b3JzL2ludmVzdG9yLTAwMS9pbnZlc3RtZW50cyI7czo1OiJyb3V0ZSI7Tjt9czo2OiJfZmxhc2giO2E6Mjp7czozOiJvbGQiO2E6MDp7fXM6MzoibmV3IjthOjA6e319fQ==',1769009575),('9UNPdusaeBPUijPJFh90djJKiz7kgoML58QoQ1ZE',NULL,'127.0.0.1','Mozilla/5.0 (Macintosh; Intel Mac OS X 10_15_7) AppleWebKit/537.36 (KHTML, like Gecko) Chrome/143.0.0.0 Safari/537.36','YTozOntzOjY6Il90b2tlbiI7czo0MDoiQ2pjTG1hclpVaHFuVE9pSHNTM3Frc1F2R25hQ2t6anNVRnU4ZDZzaiI7czo5OiJfcHJldmlvdXMiO2E6Mjp7czozOiJ1cmwiO3M6NDg6Imh0dHA6Ly8xMjcuMC4wLjE6ODAwMC9hcGkvaW52ZXN0b3JzL2ludmVzdG9yLTAwMSI7czo1OiJyb3V0ZSI7Tjt9czo2OiJfZmxhc2giO2E6Mjp7czozOiJvbGQiO2E6MDp7fXM6MzoibmV3IjthOjA6e319fQ==',1769007179),('aHVAtTN4Q1DGqQ0Xuf5KjHexOlDRTl0asfGQZPuv',NULL,'127.0.0.1','Mozilla/5.0 (Macintosh; Intel Mac OS X 10_15_7) AppleWebKit/537.36 (KHTML, like Gecko) Chrome/143.0.0.0 Safari/537.36','YTozOntzOjY6Il90b2tlbiI7czo0MDoiQkEzcUx2NGhzcGZyQU43bTR4akJ1b2o0MFVJQmdUMmdSZUxwMVpYaCI7czo5OiJfcHJldmlvdXMiO2E6Mjp7czozOiJ1cmwiO3M6NjA6Imh0dHA6Ly8xMjcuMC4wLjE6ODAwMC9hcGkvaW52ZXN0b3JzL2ludmVzdG9yLTAwMS9pbnZlc3RtZW50cyI7czo1OiJyb3V0ZSI7Tjt9czo2OiJfZmxhc2giO2E6Mjp7czozOiJvbGQiO2E6MDp7fXM6MzoibmV3IjthOjA6e319fQ==',1769008138),('aJdWTQ1qmlSDLJityYYCeJJymYgeWjwsNLVVQrjV',NULL,'127.0.0.1','Mozilla/5.0 (Macintosh; Intel Mac OS X 10_15_7) AppleWebKit/537.36 (KHTML, like Gecko) Chrome/143.0.0.0 Safari/537.36','YTozOntzOjY6Il90b2tlbiI7czo0MDoid096Z1VkZmdBdjBiemRnVGF4YVU4a05lZkVXZ1c4TWhIQXFOTjd5dSI7czo5OiJfcHJldmlvdXMiO2E6Mjp7czozOiJ1cmwiO3M6NDg6Imh0dHA6Ly8xMjcuMC4wLjE6ODAwMC9hcGkvaW52ZXN0b3JzL2ludmVzdG9yLTAwMSI7czo1OiJyb3V0ZSI7Tjt9czo2OiJfZmxhc2giO2E6Mjp7czozOiJvbGQiO2E6MDp7fXM6MzoibmV3IjthOjA6e319fQ==',1769008134),('AR6sRVGyIXOJiTSmRq2OCWZ2ffXoiSqEUTNZKr1h',NULL,'127.0.0.1','Mozilla/5.0 (Macintosh; Intel Mac OS X 10_15_7) AppleWebKit/537.36 (KHTML, like Gecko) Chrome/143.0.0.0 Safari/537.36','YTozOntzOjY6Il90b2tlbiI7czo0MDoiTUdxaFNEU3VrOU1PSW1xVHR1V2xnQkRkT3dqYjFIUjhwTWRPVXF0UyI7czo5OiJfcHJldmlvdXMiO2E6Mjp7czozOiJ1cmwiO3M6NjA6Imh0dHA6Ly8xMjcuMC4wLjE6ODAwMC9hcGkvaW52ZXN0b3JzL2ludmVzdG9yLTAwMS9pbnZlc3RtZW50cyI7czo1OiJyb3V0ZSI7Tjt9czo2OiJfZmxhc2giO2E6Mjp7czozOiJvbGQiO2E6MDp7fXM6MzoibmV3IjthOjA6e319fQ==',1769009534),('ARUrpb4eWy4x5T3KU3nYBi5JEZozkY64c3aT7kqu',NULL,'127.0.0.1','Mozilla/5.0 (Macintosh; Intel Mac OS X 10_15_7) AppleWebKit/537.36 (KHTML, like Gecko) Chrome/143.0.0.0 Safari/537.36','YTozOntzOjY6Il90b2tlbiI7czo0MDoidEpBMnR0SnFsaXZHVEFSaVhIb2p2a2hlcnRPcnpwSFFYYTI1blVqeSI7czo5OiJfcHJldmlvdXMiO2E6Mjp7czozOiJ1cmwiO3M6NjA6Imh0dHA6Ly8xMjcuMC4wLjE6ODAwMC9hcGkvaW52ZXN0b3JzL2ludmVzdG9yLTAwMS9pbnZlc3RtZW50cyI7czo1OiJyb3V0ZSI7Tjt9czo2OiJfZmxhc2giO2E6Mjp7czozOiJvbGQiO2E6MDp7fXM6MzoibmV3IjthOjA6e319fQ==',1769013212),('AtN8oyURLeGzow9vfRcJJu13jTpox7fnDMH7GUlq',NULL,'127.0.0.1','Mozilla/5.0 (Macintosh; Intel Mac OS X 10_15_7) AppleWebKit/537.36 (KHTML, like Gecko) Chrome/143.0.0.0 Safari/537.36','YTozOntzOjY6Il90b2tlbiI7czo0MDoiTjE1TUlYamppUEVQbnB6Wm04Y3RjRGZTMWptblJIM2FKN2pLRmIxZyI7czo5OiJfcHJldmlvdXMiO2E6Mjp7czozOiJ1cmwiO3M6NTg6Imh0dHA6Ly8xMjcuMC4wLjE6ODAwMC9hcGkvaW52ZXN0b3JzL2ludmVzdG9yLTAwMS9kaXZpZGVuZHMiO3M6NToicm91dGUiO047fXM6NjoiX2ZsYXNoIjthOjI6e3M6Mzoib2xkIjthOjA6e31zOjM6Im5ldyI7YTowOnt9fX0=',1769013516),('b1eEv1KJsqbqEV3nrzsk7gJ9OzMRw2rTHVwhqZPi',NULL,'127.0.0.1','Mozilla/5.0 (Macintosh; Intel Mac OS X 10_15_7) AppleWebKit/537.36 (KHTML, like Gecko) Chrome/143.0.0.0 Safari/537.36','YTozOntzOjY6Il90b2tlbiI7czo0MDoiYVVXSnRBaFdPQ1ZkTG5yenhGUWJJeW92MktEeFVsS2JVZXB2Yll1diI7czo5OiJfcHJldmlvdXMiO2E6Mjp7czozOiJ1cmwiO3M6NDg6Imh0dHA6Ly8xMjcuMC4wLjE6ODAwMC9hcGkvaW52ZXN0b3JzL2ludmVzdG9yLTAwMSI7czo1OiJyb3V0ZSI7Tjt9czo2OiJfZmxhc2giO2E6Mjp7czozOiJvbGQiO2E6MDp7fXM6MzoibmV3IjthOjA6e319fQ==',1769010480),('BNQQlIu6UesUgDJVKZCZdU7ekSrTLKw97j2vkzaO',NULL,'127.0.0.1','Mozilla/5.0 (Macintosh; Intel Mac OS X 10_15_7) AppleWebKit/537.36 (KHTML, like Gecko) Chrome/143.0.0.0 Safari/537.36','YTozOntzOjY6Il90b2tlbiI7czo0MDoic3ZFUkxLY1FuSnJUc3VDbmpXYmZqaTNFT3BHOHk0UFZDNWtNbXNOdCI7czo5OiJfcHJldmlvdXMiO2E6Mjp7czozOiJ1cmwiO3M6NTg6Imh0dHA6Ly8xMjcuMC4wLjE6ODAwMC9hcGkvaW52ZXN0b3JzL2ludmVzdG9yLTAwMS9kaXZpZGVuZHMiO3M6NToicm91dGUiO047fXM6NjoiX2ZsYXNoIjthOjI6e3M6Mzoib2xkIjthOjA6e31zOjM6Im5ldyI7YTowOnt9fX0=',1769007853),('CQWYk1TSufeDqIpC7yM923Uy8gZyrs5aiSY3b6hc',NULL,'127.0.0.1','Mozilla/5.0 (Macintosh; Intel Mac OS X 10_15_7) AppleWebKit/537.36 (KHTML, like Gecko) Chrome/143.0.0.0 Safari/537.36','YTozOntzOjY6Il90b2tlbiI7czo0MDoiNGFQZWl2dkUwVGNrRnB3Q2U4ZGxMMVZjUGIxQTVCRzZrcVVUeHdGbyI7czo5OiJfcHJldmlvdXMiO2E6Mjp7czozOiJ1cmwiO3M6NjA6Imh0dHA6Ly8xMjcuMC4wLjE6ODAwMC9hcGkvaW52ZXN0b3JzL2ludmVzdG9yLTAwMS9pbnZlc3RtZW50cyI7czo1OiJyb3V0ZSI7Tjt9czo2OiJfZmxhc2giO2E6Mjp7czozOiJvbGQiO2E6MDp7fXM6MzoibmV3IjthOjA6e319fQ==',1769013515),('csX9NBX1boikUkyKEt6T1a3qUdN11FHGiuf1C01i',NULL,'127.0.0.1','Mozilla/5.0 (Macintosh; Intel Mac OS X 10_15_7) AppleWebKit/537.36 (KHTML, like Gecko) Chrome/143.0.0.0 Safari/537.36','YTozOntzOjY6Il90b2tlbiI7czo0MDoidkhUZVo2Tm9wclVKUG1vejEySDd3c29IZzJzdjk4YkhpOHRNQXJETyI7czo5OiJfcHJldmlvdXMiO2E6Mjp7czozOiJ1cmwiO3M6NjA6Imh0dHA6Ly8xMjcuMC4wLjE6ODAwMC9hcGkvaW52ZXN0b3JzL2ludmVzdG9yLTAwMS9pbnZlc3RtZW50cyI7czo1OiJyb3V0ZSI7Tjt9czo2OiJfZmxhc2giO2E6Mjp7czozOiJvbGQiO2E6MDp7fXM6MzoibmV3IjthOjA6e319fQ==',1769008200),('czop2Zll76EHBdDnQuD2Xf7LnBlAJEngBlgP14p8',NULL,'127.0.0.1','Mozilla/5.0 (Macintosh; Intel Mac OS X 10_15_7) AppleWebKit/537.36 (KHTML, like Gecko) Chrome/143.0.0.0 Safari/537.36','YToyOntzOjY6Il90b2tlbiI7czo0MDoiVmdMSTI4U1psU2tEYmZQMjFmQUZzb25vT0ZTNURJWGF6REtqd0w2dyI7czo2OiJfZmxhc2giO2E6Mjp7czozOiJvbGQiO2E6MDp7fXM6MzoibmV3IjthOjA6e319fQ==',1769006887),('DPP3Nnft5QpaoexGL5xgU5CYlx0HIpzjLBqGqfRw',NULL,'127.0.0.1','Mozilla/5.0 (Macintosh; Intel Mac OS X 10_15_7) AppleWebKit/537.36 (KHTML, like Gecko) Chrome/143.0.0.0 Safari/537.36','YTozOntzOjY6Il90b2tlbiI7czo0MDoiWjR2TUxLcElwQkU5TTVVTXZ2SVZ4R3BLaU5MeGptTkVUeXN5clF3VCI7czo5OiJfcHJldmlvdXMiO2E6Mjp7czozOiJ1cmwiO3M6NDg6Imh0dHA6Ly8xMjcuMC4wLjE6ODAwMC9hcGkvaW52ZXN0b3JzL2ludmVzdG9yLTAwMSI7czo1OiJyb3V0ZSI7Tjt9czo2OiJfZmxhc2giO2E6Mjp7czozOiJvbGQiO2E6MDp7fXM6MzoibmV3IjthOjA6e319fQ==',1769010180),('Ef5KE1koUjTbXRIuqu9IOZToDFf2ZAsqGxmujGdi',NULL,'127.0.0.1','Mozilla/5.0 (Macintosh; Intel Mac OS X 10_15_7) AppleWebKit/537.36 (KHTML, like Gecko) Chrome/143.0.0.0 Safari/537.36','YToyOntzOjY6Il90b2tlbiI7czo0MDoiY1RMQlJvbXY2U21xbEI3YWFpUm4xWnBaVkM0SHh6bE01aWlOVFpJYiI7czo2OiJfZmxhc2giO2E6Mjp7czozOiJvbGQiO2E6MDp7fXM6MzoibmV3IjthOjA6e319fQ==',1769009865),('FbpUs9DGlwF3X05UZ97uYo9qsPd4svqM0kqKXW8P',NULL,'127.0.0.1','Mozilla/5.0 (Macintosh; Intel Mac OS X 10_15_7) AppleWebKit/537.36 (KHTML, like Gecko) Chrome/143.0.0.0 Safari/537.36','YTozOntzOjY6Il90b2tlbiI7czo0MDoiNHRsbUpNcFFiMGJMc1RRbzRPRkFUU3FUODNocVVIT0ZJT21uMEJLRSI7czo5OiJfcHJldmlvdXMiO2E6Mjp7czozOiJ1cmwiO3M6NTg6Imh0dHA6Ly8xMjcuMC4wLjE6ODAwMC9hcGkvaW52ZXN0b3JzL2ludmVzdG9yLTAwMS9kaXZpZGVuZHMiO3M6NToicm91dGUiO047fXM6NjoiX2ZsYXNoIjthOjI6e3M6Mzoib2xkIjthOjA6e31zOjM6Im5ldyI7YTowOnt9fX0=',1769011892),('fk7k5qrGIJND28OFVpLAZei3lF4N8P9hGffrFa1b',NULL,'127.0.0.1','Mozilla/5.0 (Macintosh; Intel Mac OS X 10_15_7) AppleWebKit/537.36 (KHTML, like Gecko) Chrome/143.0.0.0 Safari/537.36','YToyOntzOjY6Il90b2tlbiI7czo0MDoiWDgzcEdDOG4xajhzM1N1TFpYWDZLZjlTYVpZOHNEWUo3VTdSaVVObCI7czo2OiJfZmxhc2giO2E6Mjp7czozOiJvbGQiO2E6MDp7fXM6MzoibmV3IjthOjA6e319fQ==',1769010094),('fkKpZzkBK5yGEh2SEY5oBL2UXBGfdHw5vXQgJGvn',NULL,'127.0.0.1','Mozilla/5.0 (Macintosh; Intel Mac OS X 10_15_7) AppleWebKit/537.36 (KHTML, like Gecko) Chrome/143.0.0.0 Safari/537.36','YTozOntzOjY6Il90b2tlbiI7czo0MDoiT3JHQnBVUVE1UjNNY2xpbEFlM29hYWRRbTlmdkxxRm8wTWNsc0ZKVyI7czo5OiJfcHJldmlvdXMiO2E6Mjp7czozOiJ1cmwiO3M6NDg6Imh0dHA6Ly8xMjcuMC4wLjE6ODAwMC9hcGkvaW52ZXN0b3JzL2ludmVzdG9yLTAwMSI7czo1OiJyb3V0ZSI7Tjt9czo2OiJfZmxhc2giO2E6Mjp7czozOiJvbGQiO2E6MDp7fXM6MzoibmV3IjthOjA6e319fQ==',1769013472),('fO79zLoLg1XPMDsy1NVoIVHCtDACGfe1ajO4grn8',NULL,'127.0.0.1','Mozilla/5.0 (Macintosh; Intel Mac OS X 10_15_7) AppleWebKit/537.36 (KHTML, like Gecko) Chrome/143.0.0.0 Safari/537.36','YTozOntzOjY6Il90b2tlbiI7czo0MDoieVRkRTJEa201V1laeUJJSnFTSmVHc2NyQm9MRmMwM2tPaUZGU3dORiI7czo5OiJfcHJldmlvdXMiO2E6Mjp7czozOiJ1cmwiO3M6NDg6Imh0dHA6Ly8xMjcuMC4wLjE6ODAwMC9hcGkvaW52ZXN0b3JzL2ludmVzdG9yLTAwMSI7czo1OiJyb3V0ZSI7Tjt9czo2OiJfZmxhc2giO2E6Mjp7czozOiJvbGQiO2E6MDp7fXM6MzoibmV3IjthOjA6e319fQ==',1769013537),('Fxkp6FwwiFD15mfw8Z1HrPiw3K51ZJYPwqcZ8z1j',NULL,'127.0.0.1','Mozilla/5.0 (iPhone; CPU iPhone OS 18_5 like Mac OS X) AppleWebKit/605.1.15 (KHTML, like Gecko) Version/18.5 Mobile/15E148 Safari/604.1','YTozOntzOjY6Il90b2tlbiI7czo0MDoidUt4aWM0TWp2UnZDWnoxdHU1NjJZTklNUzcyWXRZcHdlR0t4QVVpRiI7czo5OiJfcHJldmlvdXMiO2E6Mjp7czozOiJ1cmwiO3M6NTg6Imh0dHA6Ly8xMjcuMC4wLjE6ODAwMC9hcGkvaW52ZXN0b3JzL2ludmVzdG9yLTAwMS9kaXZpZGVuZHMiO3M6NToicm91dGUiO047fXM6NjoiX2ZsYXNoIjthOjI6e3M6Mzoib2xkIjthOjA6e31zOjM6Im5ldyI7YTowOnt9fX0=',1769011499),('fzwxtCWeDGXobven2R9b3AbAfEorx7hxT3nmpQS8',NULL,'127.0.0.1','Mozilla/5.0 (Macintosh; Intel Mac OS X 10_15_7) AppleWebKit/537.36 (KHTML, like Gecko) Chrome/143.0.0.0 Safari/537.36','YTozOntzOjY6Il90b2tlbiI7czo0MDoiS0NTQkVSc2Roem1zUjQ4SnZXV09uWGM3VnJBZmExMWhWMEtxcXRmTSI7czo5OiJfcHJldmlvdXMiO2E6Mjp7czozOiJ1cmwiO3M6NDg6Imh0dHA6Ly8xMjcuMC4wLjE6ODAwMC9hcGkvaW52ZXN0b3JzL2ludmVzdG9yLTAwMSI7czo1OiJyb3V0ZSI7Tjt9czo2OiJfZmxhc2giO2E6Mjp7czozOiJvbGQiO2E6MDp7fXM6MzoibmV3IjthOjA6e319fQ==',1769012591),('gauEdcn0SsIFS64l7FEJv3tdPYN6l8ZDYPNToq3Z',NULL,'127.0.0.1','Mozilla/5.0 (Macintosh; Intel Mac OS X 10_15_7) AppleWebKit/537.36 (KHTML, like Gecko) Chrome/143.0.0.0 Safari/537.36','YToyOntzOjY6Il90b2tlbiI7czo0MDoibnIzMlhpWHVTekdHclF6dll4cDd3clRIdUhDVXZRcmc2Vk1rYWQwaSI7czo2OiJfZmxhc2giO2E6Mjp7czozOiJvbGQiO2E6MDp7fXM6MzoibmV3IjthOjA6e319fQ==',1769012572),('gow9fT9J7AIOzRiz0lnnYZFV2JP2GYzBmZknOxus',NULL,'127.0.0.1','Mozilla/5.0 (Macintosh; Intel Mac OS X 10_15_7) AppleWebKit/537.36 (KHTML, like Gecko) Chrome/143.0.0.0 Safari/537.36','YTozOntzOjY6Il90b2tlbiI7czo0MDoiWWJEbjQ4SGdZRUhNcjlxV2hiTjl5ZVNnZFFKSGNXMHlxangxZkJldyI7czo5OiJfcHJldmlvdXMiO2E6Mjp7czozOiJ1cmwiO3M6NTg6Imh0dHA6Ly8xMjcuMC4wLjE6ODAwMC9hcGkvaW52ZXN0b3JzL2ludmVzdG9yLTAwMS9kaXZpZGVuZHMiO3M6NToicm91dGUiO047fXM6NjoiX2ZsYXNoIjthOjI6e3M6Mzoib2xkIjthOjA6e31zOjM6Im5ldyI7YTowOnt9fX0=',1769008145),('GxcGHB0LaHomSU7tc3fuma6HCXTF9DCs7drHwHiV',NULL,'127.0.0.1','Mozilla/5.0 (Macintosh; Intel Mac OS X 10_15_7) AppleWebKit/537.36 (KHTML, like Gecko) Chrome/143.0.0.0 Safari/537.36','YTozOntzOjY6Il90b2tlbiI7czo0MDoiYTZTc1FBb3dYaVdnMzh1bVYwaENnZFZLczg4eEdxR0pEWXluaTE1MyI7czo5OiJfcHJldmlvdXMiO2E6Mjp7czozOiJ1cmwiO3M6NjA6Imh0dHA6Ly8xMjcuMC4wLjE6ODAwMC9hcGkvaW52ZXN0b3JzL2ludmVzdG9yLTAwMS9pbnZlc3RtZW50cyI7czo1OiJyb3V0ZSI7Tjt9czo2OiJfZmxhc2giO2E6Mjp7czozOiJvbGQiO2E6MDp7fXM6MzoibmV3IjthOjA6e319fQ==',1769006623),('hDWKrzSyT2LjZhz5sjM36StBbCe0IOSb4xqCXvsW',NULL,'127.0.0.1','Mozilla/5.0 (Macintosh; Intel Mac OS X 10_15_7) AppleWebKit/537.36 (KHTML, like Gecko) Chrome/143.0.0.0 Safari/537.36','YTozOntzOjY6Il90b2tlbiI7czo0MDoidzZHSFQxU0p6V1pWZmc5ejRrUVZHbnJvcU1Na2JpcUlxWkppR3RXTSI7czo5OiJfcHJldmlvdXMiO2E6Mjp7czozOiJ1cmwiO3M6NTg6Imh0dHA6Ly8xMjcuMC4wLjE6ODAwMC9hcGkvaW52ZXN0b3JzL2ludmVzdG9yLTAwMS9kaXZpZGVuZHMiO3M6NToicm91dGUiO047fXM6NjoiX2ZsYXNoIjthOjI6e3M6Mzoib2xkIjthOjA6e31zOjM6Im5ldyI7YTowOnt9fX0=',1769013516),('HPjXeAQbGRR0yrBmBFQMYfUKij9I3cUnjXEd7awx',NULL,'127.0.0.1','Mozilla/5.0 (Macintosh; Intel Mac OS X 10_15_7) AppleWebKit/537.36 (KHTML, like Gecko) Chrome/143.0.0.0 Safari/537.36','YTozOntzOjY6Il90b2tlbiI7czo0MDoiYmRURVcyQkhxd0ZyMjlpS0FxOUZKNVMzTFZyUEY5ZzQxdzZPTWpZbyI7czo5OiJfcHJldmlvdXMiO2E6Mjp7czozOiJ1cmwiO3M6NzA6Imh0dHA6Ly8xMjcuMC4wLjE6ODAwMC9hcGkvaW52ZXN0b3JzL2ludmVzdG9yLTE3NjkwMTM3MDY0MTgvaW52ZXN0bWVudHMiO3M6NToicm91dGUiO047fXM6NjoiX2ZsYXNoIjthOjI6e3M6Mzoib2xkIjthOjA6e31zOjM6Im5ldyI7YTowOnt9fX0=',1769013711),('HT8hA9M2TNoAIF7JzsqFF5fgjalYuDbZhxf93Ewf',NULL,'127.0.0.1','Mozilla/5.0 (iPhone; CPU iPhone OS 18_5 like Mac OS X) AppleWebKit/605.1.15 (KHTML, like Gecko) Version/18.5 Mobile/15E148 Safari/604.1','YTozOntzOjY6Il90b2tlbiI7czo0MDoiNW5NVUFRSjliTzF1R1h5dmd1MVpzTkpKU2d3eVBaZ2V1eVpwUXdWdCI7czo5OiJfcHJldmlvdXMiO2E6Mjp7czozOiJ1cmwiO3M6NDg6Imh0dHA6Ly8xMjcuMC4wLjE6ODAwMC9hcGkvaW52ZXN0b3JzL2ludmVzdG9yLTAwMSI7czo1OiJyb3V0ZSI7Tjt9czo2OiJfZmxhc2giO2E6Mjp7czozOiJvbGQiO2E6MDp7fXM6MzoibmV3IjthOjA6e319fQ==',1769011498),('HtXNKS5m0yetTzyLFRYjuuolpDa3k63f9s7R6AVS',NULL,'127.0.0.1','Mozilla/5.0 (Macintosh; Intel Mac OS X 10_15_7) AppleWebKit/537.36 (KHTML, like Gecko) Chrome/143.0.0.0 Safari/537.36','YTozOntzOjY6Il90b2tlbiI7czo0MDoiUDBQeTdXN1YyUHBGR2cydjJKQzUwVnd3V01vdnRPZXVLUTVvNGwwUSI7czo5OiJfcHJldmlvdXMiO2E6Mjp7czozOiJ1cmwiO3M6NTg6Imh0dHA6Ly8xMjcuMC4wLjE6ODAwMC9hcGkvaW52ZXN0b3JzL2ludmVzdG9yLTAwMS9kaXZpZGVuZHMiO3M6NToicm91dGUiO047fXM6NjoiX2ZsYXNoIjthOjI6e3M6Mzoib2xkIjthOjA6e31zOjM6Im5ldyI7YTowOnt9fX0=',1769011951),('hWhjkn0gy0FDUf5J9QYg0aUBus7hcBoL2FBmzeYM',NULL,'127.0.0.1','Mozilla/5.0 (Macintosh; Intel Mac OS X 10_15_7) AppleWebKit/537.36 (KHTML, like Gecko) Chrome/143.0.0.0 Safari/537.36','YTozOntzOjY6Il90b2tlbiI7czo0MDoiWWpmallFWnhxaWZBRlVJMUxKTXBzZUhMQ1JvTDZyVnlESnF5aW13dyI7czo5OiJfcHJldmlvdXMiO2E6Mjp7czozOiJ1cmwiO3M6Njg6Imh0dHA6Ly8xMjcuMC4wLjE6ODAwMC9hcGkvaW52ZXN0b3JzL2ludmVzdG9yLTE3NjkwMTM3MDY0MTgvZGl2aWRlbmRzIjtzOjU6InJvdXRlIjtOO31zOjY6Il9mbGFzaCI7YToyOntzOjM6Im9sZCI7YTowOnt9czozOiJuZXciO2E6MDp7fX19',1769013711),('I8qZDub4Puf94ZUgihksomX4USQMEoExYJN7Joy5',NULL,'127.0.0.1','Mozilla/5.0 (iPhone; CPU iPhone OS 18_5 like Mac OS X) AppleWebKit/605.1.15 (KHTML, like Gecko) Version/18.5 Mobile/15E148 Safari/604.1','YTozOntzOjY6Il90b2tlbiI7czo0MDoiVWFaOW1nZEhOYkdGaDVWTHFNZVJoZ3U0NVFwdENTbzF6VHlDSURaeiI7czo5OiJfcHJldmlvdXMiO2E6Mjp7czozOiJ1cmwiO3M6NDg6Imh0dHA6Ly8xMjcuMC4wLjE6ODAwMC9hcGkvaW52ZXN0b3JzL2ludmVzdG9yLTAwMSI7czo1OiJyb3V0ZSI7Tjt9czo2OiJfZmxhc2giO2E6Mjp7czozOiJvbGQiO2E6MDp7fXM6MzoibmV3IjthOjA6e319fQ==',1769011498),('ihnj5sR6o8oPN3xRd1EAxt8QTHSSigrE3pU9bgAW',NULL,'127.0.0.1','Mozilla/5.0 (Macintosh; Intel Mac OS X 10_15_7) AppleWebKit/537.36 (KHTML, like Gecko) Chrome/143.0.0.0 Safari/537.36','YToyOntzOjY6Il90b2tlbiI7czo0MDoiOXpLOVdzUUtWMWhCeTJSUUwzMUhCcEttdVhaM3k3V2tqNmFMMHVIZiI7czo2OiJfZmxhc2giO2E6Mjp7czozOiJvbGQiO2E6MDp7fXM6MzoibmV3IjthOjA6e319fQ==',1769010195),('iiTWVrdWSU64WpRwCg4nAXXQvhm49VwGHZaRdjrk',NULL,'127.0.0.1','Mozilla/5.0 (Macintosh; Intel Mac OS X 10_15_7) AppleWebKit/537.36 (KHTML, like Gecko) Chrome/143.0.0.0 Safari/537.36','YTozOntzOjY6Il90b2tlbiI7czo0MDoiRHdNVGY4dXBkUkdmUXdPT2hhT0RNZGpTMFRQSnJ4OElmb3drT2xjRiI7czo5OiJfcHJldmlvdXMiO2E6Mjp7czozOiJ1cmwiO3M6NTg6Imh0dHA6Ly8xMjcuMC4wLjE6ODAwMC9hcGkvaW52ZXN0b3JzL2ludmVzdG9yLTAwMS9kaXZpZGVuZHMiO3M6NToicm91dGUiO047fXM6NjoiX2ZsYXNoIjthOjI6e3M6Mzoib2xkIjthOjA6e31zOjM6Im5ldyI7YTowOnt9fX0=',1769013476),('ik2UJDEPGmXQR1I21gmZCRWPnRgjjnq5S59Sv5rr',NULL,'127.0.0.1','Mozilla/5.0 (Macintosh; Intel Mac OS X 10_15_7) AppleWebKit/537.36 (KHTML, like Gecko) Chrome/143.0.0.0 Safari/537.36','YTozOntzOjY6Il90b2tlbiI7czo0MDoiQndwTHJTbjJBM2tzd1FNbktVOVp1RVlzM3lnWTB2bE9ocVJONXNwQyI7czo5OiJfcHJldmlvdXMiO2E6Mjp7czozOiJ1cmwiO3M6NTg6Imh0dHA6Ly8xMjcuMC4wLjE6ODAwMC9hcGkvaW52ZXN0b3JzL2ludmVzdG9yLTAwMS9kaXZpZGVuZHMiO3M6NToicm91dGUiO047fXM6NjoiX2ZsYXNoIjthOjI6e3M6Mzoib2xkIjthOjA6e31zOjM6Im5ldyI7YTowOnt9fX0=',1769008163),('IlC1We7wZoXfkAzwEFI6ZEGHru5v6FXaqCpIZcue',NULL,'127.0.0.1','Mozilla/5.0 (Macintosh; Intel Mac OS X 10_15_7) AppleWebKit/537.36 (KHTML, like Gecko) Chrome/143.0.0.0 Safari/537.36','YTozOntzOjY6Il90b2tlbiI7czo0MDoiZ09tQTBxNThDU3RJY2R4eVR6NmNzbm0zRFdHZDhoU0RRWGtxVmNNdiI7czo5OiJfcHJldmlvdXMiO2E6Mjp7czozOiJ1cmwiO3M6NjA6Imh0dHA6Ly8xMjcuMC4wLjE6ODAwMC9hcGkvaW52ZXN0b3JzL2ludmVzdG9yLTAwMS9pbnZlc3RtZW50cyI7czo1OiJyb3V0ZSI7Tjt9czo2OiJfZmxhc2giO2E6Mjp7czozOiJvbGQiO2E6MDp7fXM6MzoibmV3IjthOjA6e319fQ==',1769013475),('ImvCVft8E4o2LbwMZRykYAsi0rtJt3x7pLhPAMw2',NULL,'127.0.0.1','Mozilla/5.0 (iPhone; CPU iPhone OS 18_5 like Mac OS X) AppleWebKit/605.1.15 (KHTML, like Gecko) Version/18.5 Mobile/15E148 Safari/604.1','YTozOntzOjY6Il90b2tlbiI7czo0MDoiN0JBSUJiQllCN1ZTWDJIUlA1SEZ4ZTB5V0c3cTZUY3hCUm84OUNOeiI7czo5OiJfcHJldmlvdXMiO2E6Mjp7czozOiJ1cmwiO3M6NjA6Imh0dHA6Ly8xMjcuMC4wLjE6ODAwMC9hcGkvaW52ZXN0b3JzL2ludmVzdG9yLTAwMS9pbnZlc3RtZW50cyI7czo1OiJyb3V0ZSI7Tjt9czo2OiJfZmxhc2giO2E6Mjp7czozOiJvbGQiO2E6MDp7fXM6MzoibmV3IjthOjA6e319fQ==',1769011498),('J23gYUln7CklKAUB27gyeTOLmsaIDsRg6uKGCEdn',NULL,'127.0.0.1','Mozilla/5.0 (Macintosh; Intel Mac OS X 10_15_7) AppleWebKit/537.36 (KHTML, like Gecko) Chrome/143.0.0.0 Safari/537.36','YTozOntzOjY6Il90b2tlbiI7czo0MDoiQzdvV0NWdFBaM1V6ZEpWVEpQcHJkSDBneWp5SzhoQlhtZlg1OVcxcSI7czo5OiJfcHJldmlvdXMiO2E6Mjp7czozOiJ1cmwiO3M6NTg6Imh0dHA6Ly8xMjcuMC4wLjE6ODAwMC9hcGkvaW52ZXN0b3JzL2ludmVzdG9yLTAwMS9kaXZpZGVuZHMiO3M6NToicm91dGUiO047fXM6NjoiX2ZsYXNoIjthOjI6e3M6Mzoib2xkIjthOjA6e31zOjM6Im5ldyI7YTowOnt9fX0=',1769013149),('J772NiowekCoNl5diM74jz0KUoWxNhf0KJMGmop8',NULL,'127.0.0.1','Mozilla/5.0 (Macintosh; Intel Mac OS X 10_15_7) AppleWebKit/537.36 (KHTML, like Gecko) Chrome/143.0.0.0 Safari/537.36','YTozOntzOjY6Il90b2tlbiI7czo0MDoiSmRaa1Z1Z21DRzhTTkJmMkgwdWZtTzNQMlI5eGhycFM5T3lYekRGbSI7czo5OiJfcHJldmlvdXMiO2E6Mjp7czozOiJ1cmwiO3M6NjA6Imh0dHA6Ly8xMjcuMC4wLjE6ODAwMC9hcGkvaW52ZXN0b3JzL2ludmVzdG9yLTAwMS9pbnZlc3RtZW50cyI7czo1OiJyb3V0ZSI7Tjt9czo2OiJfZmxhc2giO2E6Mjp7czozOiJvbGQiO2E6MDp7fXM6MzoibmV3IjthOjA6e319fQ==',1769011892),('jJ1n35xOanWlpQQg3wYbFXBktvFxU2EX9Ccn7mWI',NULL,'127.0.0.1','Mozilla/5.0 (Macintosh; Intel Mac OS X 10_15_7) AppleWebKit/537.36 (KHTML, like Gecko) Chrome/143.0.0.0 Safari/537.36','YTozOntzOjY6Il90b2tlbiI7czo0MDoiazRDVkU2c3NFaGZqUUs4cTVHNWN4Nm1YYllMTk5SeTV0SlRkQkhEcSI7czo5OiJfcHJldmlvdXMiO2E6Mjp7czozOiJ1cmwiO3M6NDg6Imh0dHA6Ly8xMjcuMC4wLjE6ODAwMC9hcGkvaW52ZXN0b3JzL2ludmVzdG9yLTAwMSI7czo1OiJyb3V0ZSI7Tjt9czo2OiJfZmxhc2giO2E6Mjp7czozOiJvbGQiO2E6MDp7fXM6MzoibmV3IjthOjA6e319fQ==',1769008142),('joNmyyajvpr9klLHnnZO4UH2j9a19r3xV6I9uzeq',NULL,'127.0.0.1','Mozilla/5.0 (Macintosh; Intel Mac OS X 10_15_7) AppleWebKit/537.36 (KHTML, like Gecko) Chrome/143.0.0.0 Safari/537.36','YTozOntzOjY6Il90b2tlbiI7czo0MDoic1JJQkxkTlhmWFVSZlhrN2I1Tzh0eGxyeFpMS1VDTk1ZdTJrNjVDSSI7czo5OiJfcHJldmlvdXMiO2E6Mjp7czozOiJ1cmwiO3M6NDg6Imh0dHA6Ly8xMjcuMC4wLjE6ODAwMC9hcGkvaW52ZXN0b3JzL2ludmVzdG9yLTAwMSI7czo1OiJyb3V0ZSI7Tjt9czo2OiJfZmxhc2giO2E6Mjp7czozOiJvbGQiO2E6MDp7fXM6MzoibmV3IjthOjA6e319fQ==',1769008140),('JPIJk9TZLkIBYGuau9i9PgMxrmIUFLoMJ8zuoG18',NULL,'127.0.0.1','Mozilla/5.0 (Macintosh; Intel Mac OS X 10_15_7) AppleWebKit/537.36 (KHTML, like Gecko) Chrome/143.0.0.0 Safari/537.36','YTozOntzOjY6Il90b2tlbiI7czo0MDoid0o2OUlIM0o0YnVtbW5iWXZzUFJXY1diZzFqYWpyUVNYU0VkYno3QiI7czo5OiJfcHJldmlvdXMiO2E6Mjp7czozOiJ1cmwiO3M6NTg6Imh0dHA6Ly8xMjcuMC4wLjE6ODAwMC9hcGkvaW52ZXN0b3JzL2ludmVzdG9yLTE3NjkwMTM3MDY0MTgiO3M6NToicm91dGUiO047fXM6NjoiX2ZsYXNoIjthOjI6e3M6Mzoib2xkIjthOjA6e31zOjM6Im5ldyI7YTowOnt9fX0=',1769013710),('jQc16knBE5KXbqeSRt80u4ztegoupiWS7sJdo2cR',NULL,'127.0.0.1','Mozilla/5.0 (iPhone; CPU iPhone OS 18_5 like Mac OS X) AppleWebKit/605.1.15 (KHTML, like Gecko) Version/18.5 Mobile/15E148 Safari/604.1','YToyOntzOjY6Il90b2tlbiI7czo0MDoid21rNEE5M0VWZlVzZG9GTjRSeGJSbFh3bE94ek96bFRxNWhabFZ2WiI7czo2OiJfZmxhc2giO2E6Mjp7czozOiJvbGQiO2E6MDp7fXM6MzoibmV3IjthOjA6e319fQ==',1769011514),('JWokxRHncsHkNrrCBOgn2GIvG2wuShV4hyCv1pRS',NULL,'127.0.0.1','Mozilla/5.0 (Macintosh; Intel Mac OS X 10_15_7) AppleWebKit/537.36 (KHTML, like Gecko) Chrome/143.0.0.0 Safari/537.36','YTozOntzOjY6Il90b2tlbiI7czo0MDoibUc0NXhJVXFQekFTQlNlT01WNUZ4cFVzYVhIdlR0WUlYWU00bGpXaCI7czo5OiJfcHJldmlvdXMiO2E6Mjp7czozOiJ1cmwiO3M6NjA6Imh0dHA6Ly8xMjcuMC4wLjE6ODAwMC9hcGkvaW52ZXN0b3JzL2ludmVzdG9yLTAwMS9pbnZlc3RtZW50cyI7czo1OiJyb3V0ZSI7Tjt9czo2OiJfZmxhc2giO2E6Mjp7czozOiJvbGQiO2E6MDp7fXM6MzoibmV3IjthOjA6e319fQ==',1769008150),('Jzfm8VxWaPOhRvXgZxZRCI4CLSLnzTnv5NC5vIsY',NULL,'127.0.0.1','Mozilla/5.0 (Macintosh; Intel Mac OS X 10_15_7) AppleWebKit/537.36 (KHTML, like Gecko) Chrome/143.0.0.0 Safari/537.36','YTozOntzOjY6Il90b2tlbiI7czo0MDoid1ZwdExlSnJVRUFGekE2aEVFTmVBOGYyOWRSTHdVbmo1RlpQbnQwdiI7czo5OiJfcHJldmlvdXMiO2E6Mjp7czozOiJ1cmwiO3M6NDg6Imh0dHA6Ly8xMjcuMC4wLjE6ODAwMC9hcGkvaW52ZXN0b3JzL2ludmVzdG9yLTAwMSI7czo1OiJyb3V0ZSI7Tjt9czo2OiJfZmxhc2giO2E6Mjp7czozOiJvbGQiO2E6MDp7fXM6MzoibmV3IjthOjA6e319fQ==',1769008145),('k6BLjgILdu0cYJ8xAJ6yfTK39bYnjFsJPJXDykBS',NULL,'127.0.0.1','Mozilla/5.0 (Macintosh; Intel Mac OS X 10_15_7) AppleWebKit/537.36 (KHTML, like Gecko) Chrome/143.0.0.0 Safari/537.36','YTozOntzOjY6Il90b2tlbiI7czo0MDoiNUdsd3FMaUluYmI3Zmp4bmRzUkR2Vm03NlgzT3VuSkY2bEJBZjZQZCI7czo5OiJfcHJldmlvdXMiO2E6Mjp7czozOiJ1cmwiO3M6NTg6Imh0dHA6Ly8xMjcuMC4wLjE6ODAwMC9hcGkvaW52ZXN0b3JzL2ludmVzdG9yLTAwMS9kaXZpZGVuZHMiO3M6NToicm91dGUiO047fXM6NjoiX2ZsYXNoIjthOjI6e3M6Mzoib2xkIjthOjA6e31zOjM6Im5ldyI7YTowOnt9fX0=',1769013475),('ka8YmnjDEXahcyQRXDZZQ2WguOS2vJpmbBx26aDx',NULL,'127.0.0.1','Mozilla/5.0 (Macintosh; Intel Mac OS X 10_15_7) AppleWebKit/537.36 (KHTML, like Gecko) Chrome/143.0.0.0 Safari/537.36','YTozOntzOjY6Il90b2tlbiI7czo0MDoiNE5qSWFZTWxYUmtHQ3dibUNNdXZWU0lmZktkRnZqRlh5bUV1YWdGYiI7czo5OiJfcHJldmlvdXMiO2E6Mjp7czozOiJ1cmwiO3M6NTg6Imh0dHA6Ly8xMjcuMC4wLjE6ODAwMC9hcGkvaW52ZXN0b3JzL2ludmVzdG9yLTAwMS9kaXZpZGVuZHMiO3M6NToicm91dGUiO047fXM6NjoiX2ZsYXNoIjthOjI6e3M6Mzoib2xkIjthOjA6e31zOjM6Im5ldyI7YTowOnt9fX0=',1769013213),('KcmXVViRqbp36O6MrYknBRcrHdVSjZi7xwsObjaC',NULL,'127.0.0.1','Mozilla/5.0 (Macintosh; Intel Mac OS X 10_15_7) AppleWebKit/537.36 (KHTML, like Gecko) Chrome/143.0.0.0 Safari/537.36','YTozOntzOjY6Il90b2tlbiI7czo0MDoiZlVHaGxkdG1TdDdsVjVXaHdBRlhSNG1UMEpCVEtNYVNoUnNnM2c1RSI7czo5OiJfcHJldmlvdXMiO2E6Mjp7czozOiJ1cmwiO3M6NDg6Imh0dHA6Ly8xMjcuMC4wLjE6ODAwMC9hcGkvaW52ZXN0b3JzL2ludmVzdG9yLTAwMSI7czo1OiJyb3V0ZSI7Tjt9czo2OiJfZmxhc2giO2E6Mjp7czozOiJvbGQiO2E6MDp7fXM6MzoibmV3IjthOjA6e319fQ==',1769013148),('kJApuvphrezArbwhs6sT398rkHpEI2OEyV5hwjyW',NULL,'127.0.0.1','Mozilla/5.0 (Macintosh; Intel Mac OS X 10_15_7) AppleWebKit/537.36 (KHTML, like Gecko) Chrome/143.0.0.0 Safari/537.36','YToyOntzOjY6Il90b2tlbiI7czo0MDoiVW5lM1NJd0ZqZHhxVGRPSFZjREY5THJTMVNKT1laYTk1Z2pBbENEQyI7czo2OiJfZmxhc2giO2E6Mjp7czozOiJvbGQiO2E6MDp7fXM6MzoibmV3IjthOjA6e319fQ==',1769009667),('lDV4QnDrjshjIa9YqfXH75KI0dSkhIGlbCTdm7Gc',NULL,'127.0.0.1','Mozilla/5.0 (Macintosh; Intel Mac OS X 10_15_7) AppleWebKit/537.36 (KHTML, like Gecko) Chrome/143.0.0.0 Safari/537.36','YTozOntzOjY6Il90b2tlbiI7czo0MDoialliWFA1d3Y2QnJzOXJ0WmFiRkNlY2RWcHlRQmFTMmN0cEZUTzRPcCI7czo5OiJfcHJldmlvdXMiO2E6Mjp7czozOiJ1cmwiO3M6NjA6Imh0dHA6Ly8xMjcuMC4wLjE6ODAwMC9hcGkvaW52ZXN0b3JzL2ludmVzdG9yLTAwMS9pbnZlc3RtZW50cyI7czo1OiJyb3V0ZSI7Tjt9czo2OiJfZmxhc2giO2E6Mjp7czozOiJvbGQiO2E6MDp7fXM6MzoibmV3IjthOjA6e319fQ==',1769008142),('LKLPYdEfqDJ2yvbw0iqStln2buWio6hnSnpnMUPp',NULL,'127.0.0.1','Mozilla/5.0 (Macintosh; Intel Mac OS X 10_15_7) AppleWebKit/537.36 (KHTML, like Gecko) Chrome/143.0.0.0 Safari/537.36','YToyOntzOjY6Il90b2tlbiI7czo0MDoiRGJtdmRxbWlaTXZOZ3FEc0N5dTh0N0x0dHZPOHd0eWI0RGNZbkNWOCI7czo2OiJfZmxhc2giO2E6Mjp7czozOiJvbGQiO2E6MDp7fXM6MzoibmV3IjthOjA6e319fQ==',1769010107),('lLORPUv6AjMCYavbvzAmUXpNmjv81rzq2tElUyIN',NULL,'127.0.0.1','Mozilla/5.0 (Macintosh; Intel Mac OS X 10_15_7) AppleWebKit/537.36 (KHTML, like Gecko) Chrome/143.0.0.0 Safari/537.36','YToyOntzOjY6Il90b2tlbiI7czo0MDoickZJY0tDZjZXU1Uwb1B0M3dVbE51V2l4ZlRXRGJtSXFTN0swRlRMQyI7czo2OiJfZmxhc2giO2E6Mjp7czozOiJvbGQiO2E6MDp7fXM6MzoibmV3IjthOjA6e319fQ==',1769011245),('LnXrq1jV6HjVmatCB6t0Xgax15GkuMEiSaZDbuF9',NULL,'127.0.0.1','Mozilla/5.0 (Macintosh; Intel Mac OS X 10_15_7) AppleWebKit/537.36 (KHTML, like Gecko) Chrome/143.0.0.0 Safari/537.36','YTozOntzOjY6Il90b2tlbiI7czo0MDoiem9UMUc3T05oSmVmUG1Gb28yZ3pma25ZOGJxOGlLRFdnSUMxWkprcCI7czo5OiJfcHJldmlvdXMiO2E6Mjp7czozOiJ1cmwiO3M6NTg6Imh0dHA6Ly8xMjcuMC4wLjE6ODAwMC9hcGkvaW52ZXN0b3JzL2ludmVzdG9yLTAwMS9kaXZpZGVuZHMiO3M6NToicm91dGUiO047fXM6NjoiX2ZsYXNoIjthOjI6e3M6Mzoib2xkIjthOjA6e31zOjM6Im5ldyI7YTowOnt9fX0=',1769008201),('lQjQHt06575pZ3kMyGht9xSEIt7WfuyHNdeqT7Xw',NULL,'127.0.0.1','Mozilla/5.0 (Macintosh; Intel Mac OS X 10_15_7) AppleWebKit/537.36 (KHTML, like Gecko) Chrome/143.0.0.0 Safari/537.36','YToyOntzOjY6Il90b2tlbiI7czo0MDoibnhoRFZsWjlrRHRKSGZVNGdBakFvaUw3V3B4dUR0cjUzbFpZVndTaCI7czo2OiJfZmxhc2giO2E6Mjp7czozOiJvbGQiO2E6MDp7fXM6MzoibmV3IjthOjA6e319fQ==',1769009651),('lr3xaS2D9VYDCzKxLVzcOTxskXRHQVN4ecWRmCED',NULL,'127.0.0.1','Mozilla/5.0 (Macintosh; Intel Mac OS X 10_15_7) AppleWebKit/537.36 (KHTML, like Gecko) Chrome/143.0.0.0 Safari/537.36','YTozOntzOjY6Il90b2tlbiI7czo0MDoiVXQ1UVBPMGgzT1JWcHd3Y3BFR1ROcTBVTHl3eTlTMTVNOFR2eVEySSI7czo5OiJfcHJldmlvdXMiO2E6Mjp7czozOiJ1cmwiO3M6NDg6Imh0dHA6Ly8xMjcuMC4wLjE6ODAwMC9hcGkvaW52ZXN0b3JzL2ludmVzdG9yLTAwMSI7czo1OiJyb3V0ZSI7Tjt9czo2OiJfZmxhc2giO2E6Mjp7czozOiJvbGQiO2E6MDp7fXM6MzoibmV3IjthOjA6e319fQ==',1769011949),('lXRLsNPLvAURSmNSaIjEmh5A7OKU8bJvSx4SW8q0',NULL,'127.0.0.1','Mozilla/5.0 (Macintosh; Intel Mac OS X 10_15_7) AppleWebKit/537.36 (KHTML, like Gecko) Chrome/143.0.0.0 Safari/537.36','YTozOntzOjY6Il90b2tlbiI7czo0MDoiaVVaemtQMWpJR21lTWdVdWRDZU1IZlJ3VTFibW44eTZRNzl1WTdRdCI7czo5OiJfcHJldmlvdXMiO2E6Mjp7czozOiJ1cmwiO3M6NDg6Imh0dHA6Ly8xMjcuMC4wLjE6ODAwMC9hcGkvaW52ZXN0b3JzL2ludmVzdG9yLTAwMSI7czo1OiJyb3V0ZSI7Tjt9czo2OiJfZmxhc2giO2E6Mjp7czozOiJvbGQiO2E6MDp7fXM6MzoibmV3IjthOjA6e319fQ==',1769010180),('Lys1E0Hb3rZObHhi1mvpzetLWo7GJX3V0ykioETj',NULL,'127.0.0.1','Mozilla/5.0 (Macintosh; Intel Mac OS X 10_15_7) AppleWebKit/537.36 (KHTML, like Gecko) Chrome/143.0.0.0 Safari/537.36','YTozOntzOjY6Il90b2tlbiI7czo0MDoiYkxzQ1BlSlZVVVhmajdzbEwxUGJoODZjd3ZWSWdOS1drRUI4aG4wViI7czo5OiJfcHJldmlvdXMiO2E6Mjp7czozOiJ1cmwiO3M6NTg6Imh0dHA6Ly8xMjcuMC4wLjE6ODAwMC9hcGkvaW52ZXN0b3JzL2ludmVzdG9yLTAwMS9kaXZpZGVuZHMiO3M6NToicm91dGUiO047fXM6NjoiX2ZsYXNoIjthOjI6e3M6Mzoib2xkIjthOjA6e31zOjM6Im5ldyI7YTowOnt9fX0=',1769008153),('M5yg133jwm7pr21ZWj0z847eMXrywqhvWNtLsXqm',NULL,'127.0.0.1','Mozilla/5.0 (Macintosh; Intel Mac OS X 10_15_7) AppleWebKit/537.36 (KHTML, like Gecko) Chrome/143.0.0.0 Safari/537.36','YTozOntzOjY6Il90b2tlbiI7czo0MDoiNUhSQ05aSkY4RjNNZlNrMUxHY3JzWmZKSW5abFRNZFE3MU82NWRVUCI7czo5OiJfcHJldmlvdXMiO2E6Mjp7czozOiJ1cmwiO3M6NzA6Imh0dHA6Ly8xMjcuMC4wLjE6ODAwMC9hcGkvaW52ZXN0b3JzL2ludmVzdG9yLTE3NjkwMTM3MDY0MTgvaW52ZXN0bWVudHMiO3M6NToicm91dGUiO047fXM6NjoiX2ZsYXNoIjthOjI6e3M6Mzoib2xkIjthOjA6e31zOjM6Im5ldyI7YTowOnt9fX0=',1769013711),('MijWzQmUPzGNkdfJ9Cst5a68jkDyud9rEPVBx3cn',NULL,'127.0.0.1','Mozilla/5.0 (Macintosh; Intel Mac OS X 10_15_7) AppleWebKit/537.36 (KHTML, like Gecko) Chrome/143.0.0.0 Safari/537.36','YTozOntzOjY6Il90b2tlbiI7czo0MDoiZ0xsc3NhbDBiZUpnSTVpNDVTTEp3emZHNGVPa0dPWGZQaTRtT2FDOCI7czo5OiJfcHJldmlvdXMiO2E6Mjp7czozOiJ1cmwiO3M6NjA6Imh0dHA6Ly8xMjcuMC4wLjE6ODAwMC9hcGkvaW52ZXN0b3JzL2ludmVzdG9yLTAwMS9pbnZlc3RtZW50cyI7czo1OiJyb3V0ZSI7Tjt9czo2OiJfZmxhc2giO2E6Mjp7czozOiJvbGQiO2E6MDp7fXM6MzoibmV3IjthOjA6e319fQ==',1769008157),('MqtnhXFNpgKmj8L1vXLW3igl8LdunoLiN0Q5WbXV',NULL,'127.0.0.1','Mozilla/5.0 (Macintosh; Intel Mac OS X 10_15_7) AppleWebKit/537.36 (KHTML, like Gecko) Chrome/143.0.0.0 Safari/537.36','YTozOntzOjY6Il90b2tlbiI7czo0MDoiY3FjWndOMFNHcWVHaE9tQU91bEpSMWdSQlp4ZGxrOGQzRzRhZXlhUSI7czo5OiJfcHJldmlvdXMiO2E6Mjp7czozOiJ1cmwiO3M6NjA6Imh0dHA6Ly8xMjcuMC4wLjE6ODAwMC9hcGkvaW52ZXN0b3JzL2ludmVzdG9yLTAwMS9pbnZlc3RtZW50cyI7czo1OiJyb3V0ZSI7Tjt9czo2OiJfZmxhc2giO2E6Mjp7czozOiJvbGQiO2E6MDp7fXM6MzoibmV3IjthOjA6e319fQ==',1769011950),('mShCVkKvjtvZFsCv84t5iika13OmrvuJXxWtV4qS',NULL,'127.0.0.1','Mozilla/5.0 (Macintosh; Intel Mac OS X 10_15_7) AppleWebKit/537.36 (KHTML, like Gecko) Chrome/143.0.0.0 Safari/537.36','YTozOntzOjY6Il90b2tlbiI7czo0MDoiVlhXS1V2dnBvVU5KUWFUeWhuMnZpcG1vM2xpZ1JQUUNwMFdhVWwwOCI7czo5OiJfcHJldmlvdXMiO2E6Mjp7czozOiJ1cmwiO3M6NjA6Imh0dHA6Ly8xMjcuMC4wLjE6ODAwMC9hcGkvaW52ZXN0b3JzL2ludmVzdG9yLTAwMS9pbnZlc3RtZW50cyI7czo1OiJyb3V0ZSI7Tjt9czo2OiJfZmxhc2giO2E6Mjp7czozOiJvbGQiO2E6MDp7fXM6MzoibmV3IjthOjA6e319fQ==',1769010489),('mwhYsemQ3MMGQQzNSoDslEZ9I8b7H66hkTvmlOFe',NULL,'127.0.0.1','Mozilla/5.0 (Macintosh; Intel Mac OS X 10_15_7) AppleWebKit/537.36 (KHTML, like Gecko) Chrome/143.0.0.0 Safari/537.36','YTozOntzOjY6Il90b2tlbiI7czo0MDoieW9aV0pHelAwZmMxQ3dGWktTbVd2UnBIakNFRXFhdkhsbU9IQ0N1dSI7czo5OiJfcHJldmlvdXMiO2E6Mjp7czozOiJ1cmwiO3M6NjA6Imh0dHA6Ly8xMjcuMC4wLjE6ODAwMC9hcGkvaW52ZXN0b3JzL2ludmVzdG9yLTAwMS9pbnZlc3RtZW50cyI7czo1OiJyb3V0ZSI7Tjt9czo2OiJfZmxhc2giO2E6Mjp7czozOiJvbGQiO2E6MDp7fXM6MzoibmV3IjthOjA6e319fQ==',1769013537),('n3M3Bx5BazNpqQSC9DjTJxNabelMlEdiFxzRR9YQ',NULL,'127.0.0.1','Mozilla/5.0 (Macintosh; Intel Mac OS X 10_15_7) AppleWebKit/537.36 (KHTML, like Gecko) Chrome/143.0.0.0 Safari/537.36','YTozOntzOjY6Il90b2tlbiI7czo0MDoiRWZvRjdHUXF6V2FCUE85R0hieE9RcjNkOHh4Sml2U1FtSjAyR0ZCYiI7czo5OiJfcHJldmlvdXMiO2E6Mjp7czozOiJ1cmwiO3M6NDg6Imh0dHA6Ly8xMjcuMC4wLjE6ODAwMC9hcGkvaW52ZXN0b3JzL2ludmVzdG9yLTAwMSI7czo1OiJyb3V0ZSI7Tjt9czo2OiJfZmxhc2giO2E6Mjp7czozOiJvbGQiO2E6MDp7fXM6MzoibmV3IjthOjA6e319fQ==',1769008131),('njEX49MzkefviRlcCWadxqGW3mvzGhtT5i4uNOEY',NULL,'127.0.0.1','Mozilla/5.0 (Macintosh; Intel Mac OS X 10_15_7) AppleWebKit/537.36 (KHTML, like Gecko) Chrome/143.0.0.0 Safari/537.36','YTozOntzOjY6Il90b2tlbiI7czo0MDoidVBUU09EeEFxS3pRY3JzQkNjWHNHcHhna3ZqZ1d5T0xYZnBCMmFtaiI7czo5OiJfcHJldmlvdXMiO2E6Mjp7czozOiJ1cmwiO3M6NjA6Imh0dHA6Ly8xMjcuMC4wLjE6ODAwMC9hcGkvaW52ZXN0b3JzL2ludmVzdG9yLTAwMS9pbnZlc3RtZW50cyI7czo1OiJyb3V0ZSI7Tjt9czo2OiJfZmxhc2giO2E6Mjp7czozOiJvbGQiO2E6MDp7fXM6MzoibmV3IjthOjA6e319fQ==',1769012638),('nkb9z7IRrj0XOp2vNlJ8o5yxgoVPWa9om0H7W693',NULL,'127.0.0.1','Mozilla/5.0 (Macintosh; Intel Mac OS X 10_15_7) AppleWebKit/537.36 (KHTML, like Gecko) Chrome/143.0.0.0 Safari/537.36','YTozOntzOjY6Il90b2tlbiI7czo0MDoiNkphQ1pJT1BPSzU5dFllSmhpNnFKVUZyVGRJZ1Vnb2FnUlNzNTl6TCI7czo5OiJfcHJldmlvdXMiO2E6Mjp7czozOiJ1cmwiO3M6NTg6Imh0dHA6Ly8xMjcuMC4wLjE6ODAwMC9hcGkvaW52ZXN0b3JzL2ludmVzdG9yLTAwMS9kaXZpZGVuZHMiO3M6NToicm91dGUiO047fXM6NjoiX2ZsYXNoIjthOjI6e3M6Mzoib2xkIjthOjA6e31zOjM6Im5ldyI7YTowOnt9fX0=',1769007180),('nMTxuDfvc6xtiRijve39kX0Hu89OkqJ6SvT7oO1I',NULL,'127.0.0.1','Mozilla/5.0 (Macintosh; Intel Mac OS X 10_15_7) AppleWebKit/537.36 (KHTML, like Gecko) Chrome/143.0.0.0 Safari/537.36','YTozOntzOjY6Il90b2tlbiI7czo0MDoiZVZkbnpWMVNtOThsSUY5QzVRWlZIbHc1em5HajVSa1k2dld1WERUcyI7czo5OiJfcHJldmlvdXMiO2E6Mjp7czozOiJ1cmwiO3M6NTg6Imh0dHA6Ly8xMjcuMC4wLjE6ODAwMC9hcGkvaW52ZXN0b3JzL2ludmVzdG9yLTAwMS9kaXZpZGVuZHMiO3M6NToicm91dGUiO047fXM6NjoiX2ZsYXNoIjthOjI6e3M6Mzoib2xkIjthOjA6e31zOjM6Im5ldyI7YTowOnt9fX0=',1769008162),('NuDuy1xvU201hxAlLJDquSxeVFe1ExIZQuIO2Q5i',NULL,'127.0.0.1','Mozilla/5.0 (Macintosh; Intel Mac OS X 10_15_7) AppleWebKit/537.36 (KHTML, like Gecko) Chrome/143.0.0.0 Safari/537.36','YTozOntzOjY6Il90b2tlbiI7czo0MDoiUHpxUEc2ajkxSzJDRkhvTXZOZjVzUnlCT0pnTWxYMXVoOVNIeHkwMyI7czo5OiJfcHJldmlvdXMiO2E6Mjp7czozOiJ1cmwiO3M6NDg6Imh0dHA6Ly8xMjcuMC4wLjE6ODAwMC9hcGkvaW52ZXN0b3JzL2ludmVzdG9yLTAwMSI7czo1OiJyb3V0ZSI7Tjt9czo2OiJfZmxhc2giO2E6Mjp7czozOiJvbGQiO2E6MDp7fXM6MzoibmV3IjthOjA6e319fQ==',1769009533),('OCu2xtXzQFLUowuGgAl8VM51IJLpotrcruWocFCd',NULL,'127.0.0.1','Mozilla/5.0 (Macintosh; Intel Mac OS X 10_15_7) AppleWebKit/537.36 (KHTML, like Gecko) Chrome/143.0.0.0 Safari/537.36','YTozOntzOjY6Il90b2tlbiI7czo0MDoiVGJ0VGVNRGZENWZJbDJOaVR1SVQ3bTNuS0c5aWlIdzNBQnpsZUc5aiI7czo5OiJfcHJldmlvdXMiO2E6Mjp7czozOiJ1cmwiO3M6NTg6Imh0dHA6Ly8xMjcuMC4wLjE6ODAwMC9hcGkvaW52ZXN0b3JzL2ludmVzdG9yLTAwMS9kaXZpZGVuZHMiO3M6NToicm91dGUiO047fXM6NjoiX2ZsYXNoIjthOjI6e3M6Mzoib2xkIjthOjA6e31zOjM6Im5ldyI7YTowOnt9fX0=',1769011893),('oEPbRDvsmhBHbhsdjEGeoM23JbOa3wGCfx63TOQp',NULL,'127.0.0.1','Mozilla/5.0 (Macintosh; Intel Mac OS X 10_15_7) AppleWebKit/537.36 (KHTML, like Gecko) Chrome/143.0.0.0 Safari/537.36','YTozOntzOjY6Il90b2tlbiI7czo0MDoib09VQ3RoaUt5NExZZE1RVW9kbjZQWkhVOHhSOXpaZDNlcXdBcFJocSI7czo5OiJfcHJldmlvdXMiO2E6Mjp7czozOiJ1cmwiO3M6NTg6Imh0dHA6Ly8xMjcuMC4wLjE6ODAwMC9hcGkvaW52ZXN0b3JzL2ludmVzdG9yLTE3NjkwMTM3MDY0MTgiO3M6NToicm91dGUiO047fXM6NjoiX2ZsYXNoIjthOjI6e3M6Mzoib2xkIjthOjA6e31zOjM6Im5ldyI7YTowOnt9fX0=',1769013710),('OjALwFD8BAb3Yyx4VPs1XgdUUfxzABgF18JIllol',NULL,'127.0.0.1','Mozilla/5.0 (Macintosh; Intel Mac OS X 10_15_7) AppleWebKit/537.36 (KHTML, like Gecko) Chrome/143.0.0.0 Safari/537.36','YTozOntzOjY6Il90b2tlbiI7czo0MDoiUjIwaDJ6NFFRNGR6ZWEzUktmU1VEcWdqWmtZN0M2Nm5mZjFJRVd2aiI7czo5OiJfcHJldmlvdXMiO2E6Mjp7czozOiJ1cmwiO3M6NDg6Imh0dHA6Ly8xMjcuMC4wLjE6ODAwMC9hcGkvaW52ZXN0b3JzL2ludmVzdG9yLTAwMSI7czo1OiJyb3V0ZSI7Tjt9czo2OiJfZmxhc2giO2E6Mjp7czozOiJvbGQiO2E6MDp7fXM6MzoibmV3IjthOjA6e319fQ==',1769013212),('oKjYkGKZl5OWLpX7GVgNlljPBtiV96QrmJja9wA9',NULL,'127.0.0.1','Mozilla/5.0 (Macintosh; Intel Mac OS X 10_15_7) AppleWebKit/537.36 (KHTML, like Gecko) Chrome/143.0.0.0 Safari/537.36','YTozOntzOjY6Il90b2tlbiI7czo0MDoiTWNEWWJGbml1TlV4OGUwUmRNUEJWOTQwQUZHRG40WHBuSjlMYkkyOSI7czo5OiJfcHJldmlvdXMiO2E6Mjp7czozOiJ1cmwiO3M6NDg6Imh0dHA6Ly8xMjcuMC4wLjE6ODAwMC9hcGkvaW52ZXN0b3JzL2ludmVzdG9yLTAwMSI7czo1OiJyb3V0ZSI7Tjt9czo2OiJfZmxhc2giO2E6Mjp7czozOiJvbGQiO2E6MDp7fXM6MzoibmV3IjthOjA6e319fQ==',1769006623),('Otj4yr4YeeSfRVDVMMHPMh6gBYBgfRCHtNjXhigS',NULL,'127.0.0.1','Mozilla/5.0 (Macintosh; Intel Mac OS X 10_15_7) AppleWebKit/537.36 (KHTML, like Gecko) Chrome/143.0.0.0 Safari/537.36','YTozOntzOjY6Il90b2tlbiI7czo0MDoidnI0SFQycm1pcEZOOVpCdXI0SGtOeDJwb1V0SXQyMURObnVjd3RWOSI7czo5OiJfcHJldmlvdXMiO2E6Mjp7czozOiJ1cmwiO3M6NjA6Imh0dHA6Ly8xMjcuMC4wLjE6ODAwMC9hcGkvaW52ZXN0b3JzL2ludmVzdG9yLTAwMS9pbnZlc3RtZW50cyI7czo1OiJyb3V0ZSI7Tjt9czo2OiJfZmxhc2giO2E6Mjp7czozOiJvbGQiO2E6MDp7fXM6MzoibmV3IjthOjA6e319fQ==',1769007853),('ozuvBD0EhHRUljgRaOlmFPhXaAq23LLDzR2vOx1d',NULL,'127.0.0.1','Mozilla/5.0 (Macintosh; Intel Mac OS X 10_15_7) AppleWebKit/537.36 (KHTML, like Gecko) Chrome/143.0.0.0 Safari/537.36','YTozOntzOjY6Il90b2tlbiI7czo0MDoidkpkSlVBcjU3S2czSTEybDlTT2VScVhrcDZBY1R1NjA5bjBzWjgyWSI7czo5OiJfcHJldmlvdXMiO2E6Mjp7czozOiJ1cmwiO3M6NDg6Imh0dHA6Ly8xMjcuMC4wLjE6ODAwMC9hcGkvaW52ZXN0b3JzL2ludmVzdG9yLTAwMSI7czo1OiJyb3V0ZSI7Tjt9czo2OiJfZmxhc2giO2E6Mjp7czozOiJvbGQiO2E6MDp7fXM6MzoibmV3IjthOjA6e319fQ==',1769009575),('qA2meQFscCwkc13Tyc9JewjvBpCkRXJlB3otfXEO',NULL,'127.0.0.1','Mozilla/5.0 (Macintosh; Intel Mac OS X 10_15_7) AppleWebKit/537.36 (KHTML, like Gecko) Chrome/143.0.0.0 Safari/537.36','YTozOntzOjY6Il90b2tlbiI7czo0MDoiRnlkTTlsdXdhU0I4V1FIc1l0UWV1Q1A2a29NSVpDWG00dlpLNERxYiI7czo5OiJfcHJldmlvdXMiO2E6Mjp7czozOiJ1cmwiO3M6NTg6Imh0dHA6Ly8xMjcuMC4wLjE6ODAwMC9hcGkvaW52ZXN0b3JzL2ludmVzdG9yLTAwMS9kaXZpZGVuZHMiO3M6NToicm91dGUiO047fXM6NjoiX2ZsYXNoIjthOjI6e3M6Mzoib2xkIjthOjA6e31zOjM6Im5ldyI7YTowOnt9fX0=',1769010485),('qcgOqqp7sbwYS7TMjTm7zaqEefHvE1qJbgGEXr6s',NULL,'127.0.0.1','Mozilla/5.0 (Macintosh; Intel Mac OS X 10_15_7) AppleWebKit/537.36 (KHTML, like Gecko) Chrome/143.0.0.0 Safari/537.36','YTozOntzOjY6Il90b2tlbiI7czo0MDoiR0djUWZzSEZPOEJaZ1ZMelA2WWViSENDMVNxNmV6QUxKbmdiWFZqRSI7czo5OiJfcHJldmlvdXMiO2E6Mjp7czozOiJ1cmwiO3M6NTg6Imh0dHA6Ly8xMjcuMC4wLjE6ODAwMC9hcGkvaW52ZXN0b3JzL2ludmVzdG9yLTAwMS9kaXZpZGVuZHMiO3M6NToicm91dGUiO047fXM6NjoiX2ZsYXNoIjthOjI6e3M6Mzoib2xkIjthOjA6e31zOjM6Im5ldyI7YTowOnt9fX0=',1769008202),('QlWdZzAulnIW2ivxkAfca8qjyMXR4ViVuG9qtjht',NULL,'127.0.0.1','Mozilla/5.0 (Macintosh; Intel Mac OS X 10_15_7) AppleWebKit/537.36 (KHTML, like Gecko) Chrome/143.0.0.0 Safari/537.36','YTozOntzOjY6Il90b2tlbiI7czo0MDoiS1gzdFY4Zng5eG5VdHpNMElacEZJc0RDeXMzMnRHUW9iR0llV3hJcCI7czo5OiJfcHJldmlvdXMiO2E6Mjp7czozOiJ1cmwiO3M6NDg6Imh0dHA6Ly8xMjcuMC4wLjE6ODAwMC9hcGkvaW52ZXN0b3JzL2ludmVzdG9yLTAwMSI7czo1OiJyb3V0ZSI7Tjt9czo2OiJfZmxhc2giO2E6Mjp7czozOiJvbGQiO2E6MDp7fXM6MzoibmV3IjthOjA6e319fQ==',1769011890),('qNzn7NZUqnTTnzXWIAuLzbzip34lVOPbSXeeolN0',NULL,'127.0.0.1','Mozilla/5.0 (Macintosh; Intel Mac OS X 10_15_7) AppleWebKit/537.36 (KHTML, like Gecko) Chrome/143.0.0.0 Safari/537.36','YTozOntzOjY6Il90b2tlbiI7czo0MDoiUjBpU3Nqa05qRnVUSXA3UWRkdzY0OVRuMWZvQkl0d0RLd21zRzJpQyI7czo5OiJfcHJldmlvdXMiO2E6Mjp7czozOiJ1cmwiO3M6NjA6Imh0dHA6Ly8xMjcuMC4wLjE6ODAwMC9hcGkvaW52ZXN0b3JzL2ludmVzdG9yLTAwMS9pbnZlc3RtZW50cyI7czo1OiJyb3V0ZSI7Tjt9czo2OiJfZmxhc2giO2E6Mjp7czozOiJvbGQiO2E6MDp7fXM6MzoibmV3IjthOjA6e319fQ==',1769013516),('qY4ua649D9NRUMxN4VqEPflpCdkx004qkBWni40W',NULL,'127.0.0.1','Mozilla/5.0 (Macintosh; Intel Mac OS X 10_15_7) AppleWebKit/537.36 (KHTML, like Gecko) Chrome/143.0.0.0 Safari/537.36','YTozOntzOjY6Il90b2tlbiI7czo0MDoiN2F4T0hZaXhXT0dYS3NSOVNiSG9LUTFmUUVvNmlhTE15UlNaZ3pKYSI7czo5OiJfcHJldmlvdXMiO2E6Mjp7czozOiJ1cmwiO3M6NTg6Imh0dHA6Ly8xMjcuMC4wLjE6ODAwMC9hcGkvaW52ZXN0b3JzL2ludmVzdG9yLTAwMS9kaXZpZGVuZHMiO3M6NToicm91dGUiO047fXM6NjoiX2ZsYXNoIjthOjI6e3M6Mzoib2xkIjthOjA6e31zOjM6Im5ldyI7YTowOnt9fX0=',1769011952),('r06zMIu7EMngZfGOIDtLPYm1xiwSTqjf6Je9HLda',NULL,'127.0.0.1','Mozilla/5.0 (Macintosh; Intel Mac OS X 10_15_7) AppleWebKit/537.36 (KHTML, like Gecko) Chrome/143.0.0.0 Safari/537.36','YTozOntzOjY6Il90b2tlbiI7czo0MDoiSlh0blg5dnpoMEVYNFhDT1BDU21oakhOa2FVNlpVNjlVSHBYTWp1YyI7czo5OiJfcHJldmlvdXMiO2E6Mjp7czozOiJ1cmwiO3M6Njg6Imh0dHA6Ly8xMjcuMC4wLjE6ODAwMC9hcGkvaW52ZXN0b3JzL2ludmVzdG9yLTE3NjkwMTM3MDY0MTgvZGl2aWRlbmRzIjtzOjU6InJvdXRlIjtOO31zOjY6Il9mbGFzaCI7YToyOntzOjM6Im9sZCI7YTowOnt9czozOiJuZXciO2E6MDp7fX19',1769013711),('rf6Z9bZ6lq9ULOULWBiwASrLhVnmR2kBVmHsFx6Q',NULL,'127.0.0.1','Mozilla/5.0 (Macintosh; Intel Mac OS X 10_15_7) AppleWebKit/537.36 (KHTML, like Gecko) Chrome/143.0.0.0 Safari/537.36','YTozOntzOjY6Il90b2tlbiI7czo0MDoiUjhJT3ljZ1hCY2R4eXpJRXRJakdxZGZETkVoVElBbzN1dVcwSUhKZyI7czo5OiJfcHJldmlvdXMiO2E6Mjp7czozOiJ1cmwiO3M6NTg6Imh0dHA6Ly8xMjcuMC4wLjE6ODAwMC9hcGkvaW52ZXN0b3JzL2ludmVzdG9yLTAwMS9kaXZpZGVuZHMiO3M6NToicm91dGUiO047fXM6NjoiX2ZsYXNoIjthOjI6e3M6Mzoib2xkIjthOjA6e31zOjM6Im5ldyI7YTowOnt9fX0=',1769009576),('RPCNnrfxeipGtOMr65xzWrTm9YrVbxMGfAam1QrD',NULL,'127.0.0.1','Mozilla/5.0 (Macintosh; Intel Mac OS X 10_15_7) AppleWebKit/537.36 (KHTML, like Gecko) Chrome/143.0.0.0 Safari/537.36','YTozOntzOjY6Il90b2tlbiI7czo0MDoiM0dtcERWRmlmRTM3RkI0NnZPYllDa0tVZHVIbWtlUDQ2U3NFcXFGbCI7czo5OiJfcHJldmlvdXMiO2E6Mjp7czozOiJ1cmwiO3M6NjA6Imh0dHA6Ly8xMjcuMC4wLjE6ODAwMC9hcGkvaW52ZXN0b3JzL2ludmVzdG9yLTAwMS9pbnZlc3RtZW50cyI7czo1OiJyb3V0ZSI7Tjt9czo2OiJfZmxhc2giO2E6Mjp7czozOiJvbGQiO2E6MDp7fXM6MzoibmV3IjthOjA6e319fQ==',1769008200),('RvBpFhhklt0VMmcNQJotpy5uWS0n4a9svl9oOMHD',NULL,'127.0.0.1','Mozilla/5.0 (Macintosh; Intel Mac OS X 10_15_7) AppleWebKit/537.36 (KHTML, like Gecko) Chrome/143.0.0.0 Safari/537.36','YTozOntzOjY6Il90b2tlbiI7czo0MDoiS2hSNlVvU2RDSVJ3a2o3cTFQQzc3cjVSUHZqMU5VTEdIQ1kxREdxZCI7czo5OiJfcHJldmlvdXMiO2E6Mjp7czozOiJ1cmwiO3M6NDg6Imh0dHA6Ly8xMjcuMC4wLjE6ODAwMC9hcGkvaW52ZXN0b3JzL2ludmVzdG9yLTAwMSI7czo1OiJyb3V0ZSI7Tjt9czo2OiJfZmxhc2giO2E6Mjp7czozOiJvbGQiO2E6MDp7fXM6MzoibmV3IjthOjA6e319fQ==',1769013212),('sqVMIsgH21xL45ecDyeJlLqVsLrKYEZSJ2B3fZfD',NULL,'127.0.0.1','Mozilla/5.0 (Macintosh; Intel Mac OS X 10_15_7) AppleWebKit/537.36 (KHTML, like Gecko) Chrome/143.0.0.0 Safari/537.36','YTozOntzOjY6Il90b2tlbiI7czo0MDoiSGRsaVR2SEpydHF6VUdkdWhrR3pDVDhpZkxxaFNPSk1hbEMyb0ZNaiI7czo5OiJfcHJldmlvdXMiO2E6Mjp7czozOiJ1cmwiO3M6NTg6Imh0dHA6Ly8xMjcuMC4wLjE6ODAwMC9hcGkvaW52ZXN0b3JzL2ludmVzdG9yLTAwMS9kaXZpZGVuZHMiO3M6NToicm91dGUiO047fXM6NjoiX2ZsYXNoIjthOjI6e3M6Mzoib2xkIjthOjA6e31zOjM6Im5ldyI7YTowOnt9fX0=',1769006623),('SYpRogIzBy08vGQ4zl5DwGBqUpsyci27iqz8BJRl',NULL,'127.0.0.1','Mozilla/5.0 (Macintosh; Intel Mac OS X 10_15_7) AppleWebKit/537.36 (KHTML, like Gecko) Chrome/143.0.0.0 Safari/537.36','YTozOntzOjY6Il90b2tlbiI7czo0MDoiVDQ2RENodHdvMjN4TVJrRklaajlvaEtMcHFveXQyZkR3NGVZYkdPaSI7czo5OiJfcHJldmlvdXMiO2E6Mjp7czozOiJ1cmwiO3M6NDg6Imh0dHA6Ly8xMjcuMC4wLjE6ODAwMC9hcGkvaW52ZXN0b3JzL2ludmVzdG9yLTAwMSI7czo1OiJyb3V0ZSI7Tjt9czo2OiJfZmxhc2giO2E6Mjp7czozOiJvbGQiO2E6MDp7fXM6MzoibmV3IjthOjA6e319fQ==',1769013515),('T5s4adgNVZH9ONRB2L6IvV2pJTjcz1J0HanenLKb',NULL,'127.0.0.1','Mozilla/5.0 (Macintosh; Intel Mac OS X 10_15_7) AppleWebKit/537.36 (KHTML, like Gecko) Chrome/143.0.0.0 Safari/537.36','YToyOntzOjY6Il90b2tlbiI7czo0MDoiU1RIV1h4SGhsRHpBNFJGRkIydzR1NWh4ekZHN2FsYVpiaDhRemdYNyI7czo2OiJfZmxhc2giO2E6Mjp7czozOiJvbGQiO2E6MDp7fXM6MzoibmV3IjthOjA6e319fQ==',1769013775),('t5yBRfuih96q5c0iseq6mPKmXm1uVETarLvjTDEN',NULL,'127.0.0.1','Mozilla/5.0 (Macintosh; Intel Mac OS X 10_15_7) AppleWebKit/537.36 (KHTML, like Gecko) Chrome/143.0.0.0 Safari/537.36','YTozOntzOjY6Il90b2tlbiI7czo0MDoiV1ZkcWhocjVSS20wZnhROFRvR09oYWVPdjc0N2xTcWVJQmQwQ1RxMyI7czo5OiJfcHJldmlvdXMiO2E6Mjp7czozOiJ1cmwiO3M6NDg6Imh0dHA6Ly8xMjcuMC4wLjE6ODAwMC9hcGkvaW52ZXN0b3JzL2ludmVzdG9yLTAwMSI7czo1OiJyb3V0ZSI7Tjt9czo2OiJfZmxhc2giO2E6Mjp7czozOiJvbGQiO2E6MDp7fXM6MzoibmV3IjthOjA6e319fQ==',1769013514),('t7LtldCwwTpN6YMcoHW127usIFqG5lE7V9ntO1zI',NULL,'127.0.0.1','Mozilla/5.0 (Macintosh; Intel Mac OS X 10_15_7) AppleWebKit/537.36 (KHTML, like Gecko) Chrome/143.0.0.0 Safari/537.36','YToyOntzOjY6Il90b2tlbiI7czo0MDoieHg5b2RhY1laRUlObXNBWHJOdjJYMlN1WEJRNjd5cFFzY1F3dTZFdiI7czo2OiJfZmxhc2giO2E6Mjp7czozOiJvbGQiO2E6MDp7fXM6MzoibmV3IjthOjA6e319fQ==',1769009591),('TaVpdyQohSZlIIRmQycZmxm5e3Af2gPjElPhWUE9',NULL,'127.0.0.1','Mozilla/5.0 (Macintosh; Intel Mac OS X 10_15_7) AppleWebKit/537.36 (KHTML, like Gecko) Chrome/143.0.0.0 Safari/537.36','YTozOntzOjY6Il90b2tlbiI7czo0MDoiVHZ6bFlBbHhtZmRHTWlpQVZ5d000UDZWcDRTUHB6elZsNk5UcmNUeCI7czo5OiJfcHJldmlvdXMiO2E6Mjp7czozOiJ1cmwiO3M6NTg6Imh0dHA6Ly8xMjcuMC4wLjE6ODAwMC9hcGkvaW52ZXN0b3JzL2ludmVzdG9yLTAwMS9kaXZpZGVuZHMiO3M6NToicm91dGUiO047fXM6NjoiX2ZsYXNoIjthOjI6e3M6Mzoib2xkIjthOjA6e31zOjM6Im5ldyI7YTowOnt9fX0=',1769008151),('TiJ2HnoAJoQdE6Y1HeGEvhbIIbRdAIO7zQnnDvJK',NULL,'127.0.0.1','Mozilla/5.0 (Macintosh; Intel Mac OS X 10_15_7) AppleWebKit/537.36 (KHTML, like Gecko) Chrome/143.0.0.0 Safari/537.36','YTozOntzOjY6Il90b2tlbiI7czo0MDoiYWdDWTF1Vmg4Rk9pOEZEazRnNnRuVnNxeHVYRk9UYThKQjBvbW9OcyI7czo5OiJfcHJldmlvdXMiO2E6Mjp7czozOiJ1cmwiO3M6NDg6Imh0dHA6Ly8xMjcuMC4wLjE6ODAwMC9hcGkvaW52ZXN0b3JzL2ludmVzdG9yLTAwMSI7czo1OiJyb3V0ZSI7Tjt9czo2OiJfZmxhc2giO2E6Mjp7czozOiJvbGQiO2E6MDp7fXM6MzoibmV3IjthOjA6e319fQ==',1769011889),('tpRe243dZJomt0Ji4VRdIJp87jOLDql1IEGJSdT2',NULL,'127.0.0.1','Mozilla/5.0 (Macintosh; Intel Mac OS X 10_15_7) AppleWebKit/537.36 (KHTML, like Gecko) Chrome/143.0.0.0 Safari/537.36','YTozOntzOjY6Il90b2tlbiI7czo0MDoiMlJwbTkyWU8xQ08zZFRabHRjWTB2dnZWc01VZVdOZEU3cUlUdDBkWCI7czo5OiJfcHJldmlvdXMiO2E6Mjp7czozOiJ1cmwiO3M6NjA6Imh0dHA6Ly8xMjcuMC4wLjE6ODAwMC9hcGkvaW52ZXN0b3JzL2ludmVzdG9yLTAwMS9pbnZlc3RtZW50cyI7czo1OiJyb3V0ZSI7Tjt9czo2OiJfZmxhc2giO2E6Mjp7czozOiJvbGQiO2E6MDp7fXM6MzoibmV3IjthOjA6e319fQ==',1769008198),('tVkgGAtnJ0VY8AYxwJJOdAxMlf2aYfmXlJNdyElR',NULL,'127.0.0.1','Mozilla/5.0 (Macintosh; Intel Mac OS X 10_15_7) AppleWebKit/537.36 (KHTML, like Gecko) Chrome/143.0.0.0 Safari/537.36','YTozOntzOjY6Il90b2tlbiI7czo0MDoidWgzS0NSbEZYUUVFR2dXOFZWYUltbmhLc3RNSTZsUnVpWExhVHZsVSI7czo5OiJfcHJldmlvdXMiO2E6Mjp7czozOiJ1cmwiO3M6NDg6Imh0dHA6Ly8xMjcuMC4wLjE6ODAwMC9hcGkvaW52ZXN0b3JzL2ludmVzdG9yLTAwMSI7czo1OiJyb3V0ZSI7Tjt9czo2OiJfZmxhc2giO2E6Mjp7czozOiJvbGQiO2E6MDp7fXM6MzoibmV3IjthOjA6e319fQ==',1769009575),('TZqZy5oXbzMoSkMDZVrGVSTFRc2LrDwh4cylxYR6',NULL,'127.0.0.1','Mozilla/5.0 (Macintosh; Intel Mac OS X 10_15_7) AppleWebKit/537.36 (KHTML, like Gecko) Chrome/143.0.0.0 Safari/537.36','YToyOntzOjY6Il90b2tlbiI7czo0MDoiR2RSNjBCUHRWcGNzakZiSU9zSEhFTDREY2hRVktWUUVqV2lnWHllYSI7czo2OiJfZmxhc2giO2E6Mjp7czozOiJvbGQiO2E6MDp7fXM6MzoibmV3IjthOjA6e319fQ==',1769007828),('U3SVwB8ezx8F4hznWmgR8quLC61cyBmitkmeUvEF',NULL,'127.0.0.1','Mozilla/5.0 (Macintosh; Intel Mac OS X 10_15_7) AppleWebKit/537.36 (KHTML, like Gecko) Chrome/143.0.0.0 Safari/537.36','YTozOntzOjY6Il90b2tlbiI7czo0MDoiVkNNRWh2MXJkZm5UQlJFU0VMNGs4R3FMYXRPaDJWTlVPejRGd3lDMSI7czo5OiJfcHJldmlvdXMiO2E6Mjp7czozOiJ1cmwiO3M6NTg6Imh0dHA6Ly8xMjcuMC4wLjE6ODAwMC9hcGkvaW52ZXN0b3JzL2ludmVzdG9yLTAwMS9kaXZpZGVuZHMiO3M6NToicm91dGUiO047fXM6NjoiX2ZsYXNoIjthOjI6e3M6Mzoib2xkIjthOjA6e31zOjM6Im5ldyI7YTowOnt9fX0=',1769010489),('uc6VXxHtafY1AH1r5Zi869TqeJm8SguWlF36Dovv',NULL,'127.0.0.1','Mozilla/5.0 (Macintosh; Intel Mac OS X 10_15_7) AppleWebKit/537.36 (KHTML, like Gecko) Chrome/143.0.0.0 Safari/537.36','YTozOntzOjY6Il90b2tlbiI7czo0MDoiSTNHTzhHa0xHV045QzNuVU93VG9yRjdOcjllUEZuTXNDRldDaldmUyI7czo5OiJfcHJldmlvdXMiO2E6Mjp7czozOiJ1cmwiO3M6NjA6Imh0dHA6Ly8xMjcuMC4wLjE6ODAwMC9hcGkvaW52ZXN0b3JzL2ludmVzdG9yLTAwMS9pbnZlc3RtZW50cyI7czo1OiJyb3V0ZSI7Tjt9czo2OiJfZmxhc2giO2E6Mjp7czozOiJvbGQiO2E6MDp7fXM6MzoibmV3IjthOjA6e319fQ==',1769013149),('ULt5M1rfFCo1tm3Mqf6X2W6NYiEahKUSRSQfrkAf',NULL,'127.0.0.1','Mozilla/5.0 (Macintosh; Intel Mac OS X 10_15_7) AppleWebKit/537.36 (KHTML, like Gecko) Chrome/143.0.0.0 Safari/537.36','YTozOntzOjY6Il90b2tlbiI7czo0MDoiR0JnWUJYZTQwalVJRlJaSlA0bDBNOTB4TVBodmlZc000dXBIYndnUSI7czo5OiJfcHJldmlvdXMiO2E6Mjp7czozOiJ1cmwiO3M6NjA6Imh0dHA6Ly8xMjcuMC4wLjE6ODAwMC9hcGkvaW52ZXN0b3JzL2ludmVzdG9yLTAwMS9pbnZlc3RtZW50cyI7czo1OiJyb3V0ZSI7Tjt9czo2OiJfZmxhc2giO2E6Mjp7czozOiJvbGQiO2E6MDp7fXM6MzoibmV3IjthOjA6e319fQ==',1769013516),('uQvjUv6jmYuDAnFj1KsdV2mtiABKQNUqCB0cdRH9',NULL,'127.0.0.1','Mozilla/5.0 (Macintosh; Intel Mac OS X 10_15_7) AppleWebKit/537.36 (KHTML, like Gecko) Chrome/143.0.0.0 Safari/537.36','YTozOntzOjY6Il90b2tlbiI7czo0MDoiYzNBWjJOSVMzQ3p1OGp6ZkZibmQ3V1htaVRua2l6eXdiYVg2U0s4QiI7czo5OiJfcHJldmlvdXMiO2E6Mjp7czozOiJ1cmwiO3M6NDg6Imh0dHA6Ly8xMjcuMC4wLjE6ODAwMC9hcGkvaW52ZXN0b3JzL2ludmVzdG9yLTAwMSI7czo1OiJyb3V0ZSI7Tjt9czo2OiJfZmxhc2giO2E6Mjp7czozOiJvbGQiO2E6MDp7fXM6MzoibmV3IjthOjA6e319fQ==',1769011948),('v2y2nbYw86vjucHsaTbr7a3BncUDU0cRc4E3iusL',NULL,'127.0.0.1','Mozilla/5.0 (Macintosh; Intel Mac OS X 10_15_7) AppleWebKit/537.36 (KHTML, like Gecko) Chrome/143.0.0.0 Safari/537.36','YToyOntzOjY6Il90b2tlbiI7czo0MDoicFo3VmtQbkJHOVhya1ZGWWg5R2YxSzd6S255bXNqQXcwWTQwZDF2bCI7czo2OiJfZmxhc2giO2E6Mjp7czozOiJvbGQiO2E6MDp7fXM6MzoibmV3IjthOjA6e319fQ==',1769010193),('VI9jNXVnYBiFx1SDAVnklJn2U6Vv7WQrABk5wq0Y',NULL,'127.0.0.1','Mozilla/5.0 (Macintosh; Intel Mac OS X 10_15_7) AppleWebKit/537.36 (KHTML, like Gecko) Chrome/143.0.0.0 Safari/537.36','YTozOntzOjY6Il90b2tlbiI7czo0MDoidWYxdXdyTkM2R2FteVdzTjNxQ3h1VXl0RlNTZWpsS1ZFVjVoODBjQiI7czo5OiJfcHJldmlvdXMiO2E6Mjp7czozOiJ1cmwiO3M6NTg6Imh0dHA6Ly8xMjcuMC4wLjE6ODAwMC9hcGkvaW52ZXN0b3JzL2ludmVzdG9yLTAwMS9kaXZpZGVuZHMiO3M6NToicm91dGUiO047fXM6NjoiX2ZsYXNoIjthOjI6e3M6Mzoib2xkIjthOjA6e31zOjM6Im5ldyI7YTowOnt9fX0=',1769013213),('VPUtN7kdqzNuDpC4W0EiWiQ4c9a2TBTFmybiJblr',NULL,'127.0.0.1','Mozilla/5.0 (Macintosh; Intel Mac OS X 10_15_7) AppleWebKit/537.36 (KHTML, like Gecko) Chrome/143.0.0.0 Safari/537.36','YTozOntzOjY6Il90b2tlbiI7czo0MDoiVWpPTUdqR0tsaVpTa09nNkE3UVl2eUt3MVZhMzc3eUg1Y0lrbTRUSCI7czo5OiJfcHJldmlvdXMiO2E6Mjp7czozOiJ1cmwiO3M6NTg6Imh0dHA6Ly8xMjcuMC4wLjE6ODAwMC9hcGkvaW52ZXN0b3JzL2ludmVzdG9yLTAwMS9kaXZpZGVuZHMiO3M6NToicm91dGUiO047fXM6NjoiX2ZsYXNoIjthOjI6e3M6Mzoib2xkIjthOjA6e31zOjM6Im5ldyI7YTowOnt9fX0=',1769009534),('vyMVk6QNoV8DHqZcZJBJR5fJRB3vqx7oLVmQdglG',NULL,'127.0.0.1','Mozilla/5.0 (Macintosh; Intel Mac OS X 10_15_7) AppleWebKit/537.36 (KHTML, like Gecko) Chrome/143.0.0.0 Safari/537.36','YTozOntzOjY6Il90b2tlbiI7czo0MDoiQzlLZmkzS01zcFJuNjZtb2JZdjJiMWpKUlJQbjRCanUzbE12RGg5ViI7czo5OiJfcHJldmlvdXMiO2E6Mjp7czozOiJ1cmwiO3M6NTg6Imh0dHA6Ly8xMjcuMC4wLjE6ODAwMC9hcGkvaW52ZXN0b3JzL2ludmVzdG9yLTAwMS9kaXZpZGVuZHMiO3M6NToicm91dGUiO047fXM6NjoiX2ZsYXNoIjthOjI6e3M6Mzoib2xkIjthOjA6e31zOjM6Im5ldyI7YTowOnt9fX0=',1769012591),('W6tQKjbJ46wwZpbaaPAHS4manSlmMMbFbybAfX5L',NULL,'127.0.0.1','Mozilla/5.0 (Macintosh; Intel Mac OS X 10_15_7) AppleWebKit/537.36 (KHTML, like Gecko) Chrome/143.0.0.0 Safari/537.36','YTozOntzOjY6Il90b2tlbiI7czo0MDoia0FOYWJHS3ladXlRbEJUOHJXYjFZRTlFQmQyVDRjZTZPd1RmUFQ4biI7czo5OiJfcHJldmlvdXMiO2E6Mjp7czozOiJ1cmwiO3M6NjA6Imh0dHA6Ly8xMjcuMC4wLjE6ODAwMC9hcGkvaW52ZXN0b3JzL2ludmVzdG9yLTAwMS9pbnZlc3RtZW50cyI7czo1OiJyb3V0ZSI7Tjt9czo2OiJfZmxhc2giO2E6Mjp7czozOiJvbGQiO2E6MDp7fXM6MzoibmV3IjthOjA6e319fQ==',1769010489),('wAWoBm8eO7bc00Vv6wIg7NYK5WxatMbvPbmpqeyL',NULL,'127.0.0.1','Mozilla/5.0 (Macintosh; Intel Mac OS X 10_15_7) AppleWebKit/537.36 (KHTML, like Gecko) Chrome/143.0.0.0 Safari/537.36','YToyOntzOjY6Il90b2tlbiI7czo0MDoiWXFvMmJmQ0NjWUxpQ0hNWkNIMnJJenJncUJJQlVOcnFMMkkyUW9jZiI7czo2OiJfZmxhc2giO2E6Mjp7czozOiJvbGQiO2E6MDp7fXM6MzoibmV3IjthOjA6e319fQ==',1769013772),('wpWyTXYOweYygGS5SiziLBdDauyZ6XTFzuBL5TiM',NULL,'127.0.0.1','Mozilla/5.0 (Macintosh; Intel Mac OS X 10_15_7) AppleWebKit/537.36 (KHTML, like Gecko) Chrome/143.0.0.0 Safari/537.36','YTozOntzOjY6Il90b2tlbiI7czo0MDoic3Q2RmRzOXhsM3p4bm04R0NKZjFlZ1dtNHRDYWJidk11OTFrU0ZQdyI7czo5OiJfcHJldmlvdXMiO2E6Mjp7czozOiJ1cmwiO3M6NTg6Imh0dHA6Ly8xMjcuMC4wLjE6ODAwMC9hcGkvaW52ZXN0b3JzL2ludmVzdG9yLTAwMS9kaXZpZGVuZHMiO3M6NToicm91dGUiO047fXM6NjoiX2ZsYXNoIjthOjI6e3M6Mzoib2xkIjthOjA6e31zOjM6Im5ldyI7YTowOnt9fX0=',1769010181),('Wuefk1ueTDrP2llAwJOODUseIT8oVBmUwERbINeG',NULL,'127.0.0.1','Mozilla/5.0 (Macintosh; Intel Mac OS X 10_15_7) AppleWebKit/537.36 (KHTML, like Gecko) Chrome/143.0.0.0 Safari/537.36','YTozOntzOjY6Il90b2tlbiI7czo0MDoidXRVZWdjSmFoSktvN3pUdUJzNkZ2NEFINmZDQ2hEeGttWU91SDlKYSI7czo5OiJfcHJldmlvdXMiO2E6Mjp7czozOiJ1cmwiO3M6NjA6Imh0dHA6Ly8xMjcuMC4wLjE6ODAwMC9hcGkvaW52ZXN0b3JzL2ludmVzdG9yLTAwMS9pbnZlc3RtZW50cyI7czo1OiJyb3V0ZSI7Tjt9czo2OiJfZmxhc2giO2E6Mjp7czozOiJvbGQiO2E6MDp7fXM6MzoibmV3IjthOjA6e319fQ==',1769008143),('X0JnHkNBe2JUz5yVHDhYJMU3Pffzo7QDznKZ7pdy',NULL,'127.0.0.1','Mozilla/5.0 (Macintosh; Intel Mac OS X 10_15_7) AppleWebKit/537.36 (KHTML, like Gecko) Chrome/143.0.0.0 Safari/537.36','YTozOntzOjY6Il90b2tlbiI7czo0MDoiS0tLaklUZ05KUERJYWZiUTFOeDNuSzdFb1NUY1BvdlJicmJCQk9SRyI7czo5OiJfcHJldmlvdXMiO2E6Mjp7czozOiJ1cmwiO3M6NTg6Imh0dHA6Ly8xMjcuMC4wLjE6ODAwMC9hcGkvaW52ZXN0b3JzL2ludmVzdG9yLTAwMS9kaXZpZGVuZHMiO3M6NToicm91dGUiO047fXM6NjoiX2ZsYXNoIjthOjI6e3M6Mzoib2xkIjthOjA6e31zOjM6Im5ldyI7YTowOnt9fX0=',1769010182),('xG8CZlvJoMPt17ACMj45VtKXLbp2DQzS8Vudo66v',NULL,'127.0.0.1','Mozilla/5.0 (Macintosh; Intel Mac OS X 10_15_7) AppleWebKit/537.36 (KHTML, like Gecko) Chrome/143.0.0.0 Safari/537.36','YTozOntzOjY6Il90b2tlbiI7czo0MDoic3Q5b2d0a1daSjczdDJHZHRoMWlqc0pycE85bVg4WWQxUXhZWTljYyI7czo5OiJfcHJldmlvdXMiO2E6Mjp7czozOiJ1cmwiO3M6NjA6Imh0dHA6Ly8xMjcuMC4wLjE6ODAwMC9hcGkvaW52ZXN0b3JzL2ludmVzdG9yLTAwMS9pbnZlc3RtZW50cyI7czo1OiJyb3V0ZSI7Tjt9czo2OiJfZmxhc2giO2E6Mjp7czozOiJvbGQiO2E6MDp7fXM6MzoibmV3IjthOjA6e319fQ==',1769010485),('XGgvcEpiNXj3i6pzNkqNFxQK4P2T3Kfq7ywM0DgV',NULL,'127.0.0.1','Mozilla/5.0 (Macintosh; Intel Mac OS X 10_15_7) AppleWebKit/537.36 (KHTML, like Gecko) Chrome/143.0.0.0 Safari/537.36','YTozOntzOjY6Il90b2tlbiI7czo0MDoiM0RxMTlzNFNkczBUVkdSVFZncG5YNkNxSWJYUW1kbml5YlBzZXJqeCI7czo5OiJfcHJldmlvdXMiO2E6Mjp7czozOiJ1cmwiO3M6NjA6Imh0dHA6Ly8xMjcuMC4wLjE6ODAwMC9hcGkvaW52ZXN0b3JzL2ludmVzdG9yLTAwMS9pbnZlc3RtZW50cyI7czo1OiJyb3V0ZSI7Tjt9czo2OiJfZmxhc2giO2E6Mjp7czozOiJvbGQiO2E6MDp7fXM6MzoibmV3IjthOjA6e319fQ==',1769013474),('xlcvre46GOkCPcCyya4IUde8vqtmijmeuhDb3VrD',NULL,'127.0.0.1','Mozilla/5.0 (Macintosh; Intel Mac OS X 10_15_7) AppleWebKit/537.36 (KHTML, like Gecko) Chrome/143.0.0.0 Safari/537.36','YTozOntzOjY6Il90b2tlbiI7czo0MDoiWVE2VUhRaVNBbk5PSGhCN2VOQ0dkdVhhT2JpV3RqSjZtSjVjUk5ISSI7czo5OiJfcHJldmlvdXMiO2E6Mjp7czozOiJ1cmwiO3M6NDg6Imh0dHA6Ly8xMjcuMC4wLjE6ODAwMC9hcGkvaW52ZXN0b3JzL2ludmVzdG9yLTAwMSI7czo1OiJyb3V0ZSI7Tjt9czo2OiJfZmxhc2giO2E6Mjp7czozOiJvbGQiO2E6MDp7fXM6MzoibmV3IjthOjA6e319fQ==',1769008136),('XYM23C5JmwcfUYk4stPjZzqIjM3aCrSSn3dt3kBX',NULL,'127.0.0.1','Mozilla/5.0 (iPhone; CPU iPhone OS 18_5 like Mac OS X) AppleWebKit/605.1.15 (KHTML, like Gecko) Version/18.5 Mobile/15E148 Safari/604.1','YTozOntzOjY6Il90b2tlbiI7czo0MDoiNWxJMFc5VWtJQWJhRHZod3FlYWRNWGFFNklBTDJ1SFJzRFBjUVM0ZyI7czo5OiJfcHJldmlvdXMiO2E6Mjp7czozOiJ1cmwiO3M6NTg6Imh0dHA6Ly8xMjcuMC4wLjE6ODAwMC9hcGkvaW52ZXN0b3JzL2ludmVzdG9yLTAwMS9kaXZpZGVuZHMiO3M6NToicm91dGUiO047fXM6NjoiX2ZsYXNoIjthOjI6e3M6Mzoib2xkIjthOjA6e31zOjM6Im5ldyI7YTowOnt9fX0=',1769011499),('Y3QQyA65NLbP99KPI1eI23HwMljk3pZxPlhJPAJD',NULL,'127.0.0.1','Mozilla/5.0 (Macintosh; Intel Mac OS X 10_15_7) AppleWebKit/537.36 (KHTML, like Gecko) Chrome/143.0.0.0 Safari/537.36','YTozOntzOjY6Il90b2tlbiI7czo0MDoiYjdXN0lxUklIVHRxUDdkVmRxSGdFMEpkTlpUclI3NkUycE5EeU5YMSI7czo5OiJfcHJldmlvdXMiO2E6Mjp7czozOiJ1cmwiO3M6NDg6Imh0dHA6Ly8xMjcuMC4wLjE6ODAwMC9hcGkvaW52ZXN0b3JzL2ludmVzdG9yLTAwMSI7czo1OiJyb3V0ZSI7Tjt9czo2OiJfZmxhc2giO2E6Mjp7czozOiJvbGQiO2E6MDp7fXM6MzoibmV3IjthOjA6e319fQ==',1769008197),('Y4NF7QscVfXqCeK2TxuZtzhHWcW9e0pKeAoN5aEo',NULL,'127.0.0.1','Mozilla/5.0 (Macintosh; Intel Mac OS X 10_15_7) AppleWebKit/537.36 (KHTML, like Gecko) Chrome/143.0.0.0 Safari/537.36','YTozOntzOjY6Il90b2tlbiI7czo0MDoiY3hhU1kwMXRzQldDczJsdEk4RFNZeDcycHpvWVhyRno1UWp6bjRsMCI7czo5OiJfcHJldmlvdXMiO2E6Mjp7czozOiJ1cmwiO3M6NDg6Imh0dHA6Ly8xMjcuMC4wLjE6ODAwMC9hcGkvaW52ZXN0b3JzL2ludmVzdG9yLTAwMSI7czo1OiJyb3V0ZSI7Tjt9czo2OiJfZmxhc2giO2E6Mjp7czozOiJvbGQiO2E6MDp7fXM6MzoibmV3IjthOjA6e319fQ==',1769012638),('yadgpXngMolDC9EjQM1INnDQx6yxA0wUCsrqg6TU',NULL,'127.0.0.1','Mozilla/5.0 (Macintosh; Intel Mac OS X 10_15_7) AppleWebKit/537.36 (KHTML, like Gecko) Chrome/143.0.0.0 Safari/537.36','YTozOntzOjY6Il90b2tlbiI7czo0MDoicXJqdlI0WWFFOXhyVlZtMERKTXpDdk05TDB1cDFLaTRpQzhRcTVzUSI7czo5OiJfcHJldmlvdXMiO2E6Mjp7czozOiJ1cmwiO3M6NTg6Imh0dHA6Ly8xMjcuMC4wLjE6ODAwMC9hcGkvaW52ZXN0b3JzL2ludmVzdG9yLTAwMS9kaXZpZGVuZHMiO3M6NToicm91dGUiO047fXM6NjoiX2ZsYXNoIjthOjI6e3M6Mzoib2xkIjthOjA6e31zOjM6Im5ldyI7YTowOnt9fX0=',1769013475),('ybWFAiAAPhnA3I3LstQ4H5yixqIROmzIDWIgs9we',NULL,'127.0.0.1','Mozilla/5.0 (Macintosh; Intel Mac OS X 10_15_7) AppleWebKit/537.36 (KHTML, like Gecko) Chrome/143.0.0.0 Safari/537.36','YTozOntzOjY6Il90b2tlbiI7czo0MDoibFFwMmEyUTdrZDVwcGdyU0d6NzlSZHdqZHVnWFF5aVptak9wbVdObiI7czo5OiJfcHJldmlvdXMiO2E6Mjp7czozOiJ1cmwiO3M6NjA6Imh0dHA6Ly8xMjcuMC4wLjE6ODAwMC9hcGkvaW52ZXN0b3JzL2ludmVzdG9yLTAwMS9pbnZlc3RtZW50cyI7czo1OiJyb3V0ZSI7Tjt9czo2OiJfZmxhc2giO2E6Mjp7czozOiJvbGQiO2E6MDp7fXM6MzoibmV3IjthOjA6e319fQ==',1769013474),('yHxvC8hQOWF6t4ea6hOevXGVzLrAKHzsGMpDDRFo',NULL,'127.0.0.1','Mozilla/5.0 (Macintosh; Intel Mac OS X 10_15_7) AppleWebKit/537.36 (KHTML, like Gecko) Chrome/143.0.0.0 Safari/537.36','YTozOntzOjY6Il90b2tlbiI7czo0MDoiZHJSTlJSTWlkaUxtMHpvOTRNUzNYUUxFcnpvOXlGZGxoSEN5eFJuViI7czo5OiJfcHJldmlvdXMiO2E6Mjp7czozOiJ1cmwiO3M6NDg6Imh0dHA6Ly8xMjcuMC4wLjE6ODAwMC9hcGkvaW52ZXN0b3JzL2ludmVzdG9yLTAwMSI7czo1OiJyb3V0ZSI7Tjt9czo2OiJfZmxhc2giO2E6Mjp7czozOiJvbGQiO2E6MDp7fXM6MzoibmV3IjthOjA6e319fQ==',1769007852),('YJQrQlt1MDaWmlZnYvCtHFddj7tuWN6Y1WTDWidC',NULL,'127.0.0.1','Mozilla/5.0 (Macintosh; Intel Mac OS X 10_15_7) AppleWebKit/537.36 (KHTML, like Gecko) Chrome/143.0.0.0 Safari/537.36','YTozOntzOjY6Il90b2tlbiI7czo0MDoiNUtzZkFkMGs5Z3ZQdHE1NEpOd0djYWRCV2RjeFRQdXRJQ1VPTE5LYiI7czo5OiJfcHJldmlvdXMiO2E6Mjp7czozOiJ1cmwiO3M6NjA6Imh0dHA6Ly8xMjcuMC4wLjE6ODAwMC9hcGkvaW52ZXN0b3JzL2ludmVzdG9yLTAwMS9pbnZlc3RtZW50cyI7czo1OiJyb3V0ZSI7Tjt9czo2OiJfZmxhc2giO2E6Mjp7czozOiJvbGQiO2E6MDp7fXM6MzoibmV3IjthOjA6e319fQ==',1769013212),('YpCJ7oVNZkJQ951GGAhF1MwkF6cV9hyEdrNMnsKm',NULL,'127.0.0.1','Mozilla/5.0 (Macintosh; Intel Mac OS X 10_15_7) AppleWebKit/537.36 (KHTML, like Gecko) Chrome/143.0.0.0 Safari/537.36','YToyOntzOjY6Il90b2tlbiI7czo0MDoiY1AwUnAzWVlLeG1MTnEwNHFaeGxHZVp1czFSamhyMjFnY29IVURvZyI7czo2OiJfZmxhc2giO2E6Mjp7czozOiJvbGQiO2E6MDp7fXM6MzoibmV3IjthOjA6e319fQ==',1769011246),('yzJ1O9Cf5keaEHMmG78yx3efbDaWdlhE7haxbXOx',NULL,'127.0.0.1','Mozilla/5.0 (Macintosh; Intel Mac OS X 10_15_7) AppleWebKit/537.36 (KHTML, like Gecko) Chrome/143.0.0.0 Safari/537.36','YToyOntzOjY6Il90b2tlbiI7czo0MDoiRjR4cXlOMGMydE5ZWWZseHNtQjZLWElBOVNUaFI2NTBUZDZQbEhVMyI7czo2OiJfZmxhc2giO2E6Mjp7czozOiJvbGQiO2E6MDp7fXM6MzoibmV3IjthOjA6e319fQ==',1769009821),('zBUeeSYVg4EjchNENqfbhiQW8EHVjeul19FfCJqE',NULL,'127.0.0.1','Mozilla/5.0 (Macintosh; Intel Mac OS X 10_15_7) AppleWebKit/537.36 (KHTML, like Gecko) Chrome/143.0.0.0 Safari/537.36','YToyOntzOjY6Il90b2tlbiI7czo0MDoiZzdwMTJ1dU5IWjh2UlI4SGhxd0FYaWxZbHBsQnlzcFNGOWh1RzlxRyI7czo2OiJfZmxhc2giO2E6Mjp7czozOiJvbGQiO2E6MDp7fXM6MzoibmV3IjthOjA6e319fQ==',1769007282),('Zds9JaHQnmW4GoMvIF17YTSe6rYxhCY8AUUsl4Yo',NULL,'127.0.0.1','Mozilla/5.0 (iPhone; CPU iPhone OS 18_5 like Mac OS X) AppleWebKit/605.1.15 (KHTML, like Gecko) Version/18.5 Mobile/15E148 Safari/604.1','YTozOntzOjY6Il90b2tlbiI7czo0MDoiVTdvYTJmZnJLa1p2NDdERGdHQ0RLOUZwc0xkbmJGaGlkQWhOV2tpVCI7czo5OiJfcHJldmlvdXMiO2E6Mjp7czozOiJ1cmwiO3M6NjA6Imh0dHA6Ly8xMjcuMC4wLjE6ODAwMC9hcGkvaW52ZXN0b3JzL2ludmVzdG9yLTAwMS9pbnZlc3RtZW50cyI7czo1OiJyb3V0ZSI7Tjt9czo2OiJfZmxhc2giO2E6Mjp7czozOiJvbGQiO2E6MDp7fXM6MzoibmV3IjthOjA6e319fQ==',1769011499),('zMeKbcYwwU8yiB7TtEjUOCccIwGwORcHPexOsUiP',NULL,'127.0.0.1','Mozilla/5.0 (Macintosh; Intel Mac OS X 10_15_7) AppleWebKit/537.36 (KHTML, like Gecko) Chrome/143.0.0.0 Safari/537.36','YTozOntzOjY6Il90b2tlbiI7czo0MDoiQTY0Z0w5YmxWVnIweXJFd1JDYVlrc285N2ZtUXE0Q1R3aExNZVA1eCI7czo5OiJfcHJldmlvdXMiO2E6Mjp7czozOiJ1cmwiO3M6NjA6Imh0dHA6Ly8xMjcuMC4wLjE6ODAwMC9hcGkvaW52ZXN0b3JzL2ludmVzdG9yLTAwMS9pbnZlc3RtZW50cyI7czo1OiJyb3V0ZSI7Tjt9czo2OiJfZmxhc2giO2E6Mjp7czozOiJvbGQiO2E6MDp7fXM6MzoibmV3IjthOjA6e319fQ==',1769012591),('Zs2vWQaBy0mRBJmC2hOkU1lSFMC2uwzwKpFHhZhL',NULL,'127.0.0.1','Mozilla/5.0 (Macintosh; Intel Mac OS X 10_15_7) AppleWebKit/537.36 (KHTML, like Gecko) Chrome/143.0.0.0 Safari/537.36','YTozOntzOjY6Il90b2tlbiI7czo0MDoid3hKc1g3bDAxem1sTWowT2dEUVhBTGlaUXJXanBkQlBXcFpmNldZWiI7czo5OiJfcHJldmlvdXMiO2E6Mjp7czozOiJ1cmwiO3M6NTg6Imh0dHA6Ly8xMjcuMC4wLjE6ODAwMC9hcGkvaW52ZXN0b3JzL2ludmVzdG9yLTAwMS9kaXZpZGVuZHMiO3M6NToicm91dGUiO047fXM6NjoiX2ZsYXNoIjthOjI6e3M6Mzoib2xkIjthOjA6e31zOjM6Im5ldyI7YTowOnt9fX0=',1769013537),('ZSH9jtrjOP0CR2Eg7F3gR1QBXwhLMuqdxmQklyyW',NULL,'127.0.0.1','Mozilla/5.0 (Macintosh; Intel Mac OS X 10_15_7) AppleWebKit/537.36 (KHTML, like Gecko) Chrome/143.0.0.0 Safari/537.36','YTozOntzOjY6Il90b2tlbiI7czo0MDoid2tGWXc4WDdsWDBMTXpwQ2lsdWJjODZEUjlPeUhTVURWd29KM3J3SSI7czo5OiJfcHJldmlvdXMiO2E6Mjp7czozOiJ1cmwiO3M6NjA6Imh0dHA6Ly8xMjcuMC4wLjE6ODAwMC9hcGkvaW52ZXN0b3JzL2ludmVzdG9yLTAwMS9pbnZlc3RtZW50cyI7czo1OiJyb3V0ZSI7Tjt9czo2OiJfZmxhc2giO2E6Mjp7czozOiJvbGQiO2E6MDp7fXM6MzoibmV3IjthOjA6e319fQ==',1769011951),('zWMa5074ZMH3U3bgg33XTFeydAWisKiYgtz4dMdm',NULL,'127.0.0.1','Mozilla/5.0 (Macintosh; Intel Mac OS X 10_15_7) AppleWebKit/537.36 (KHTML, like Gecko) Chrome/143.0.0.0 Safari/537.36','YTozOntzOjY6Il90b2tlbiI7czo0MDoiRlpmQzRUb29TQWNxQzd5Vm1RUTcxbEJKallGQWt3Y0c1cGNTajhPSiI7czo5OiJfcHJldmlvdXMiO2E6Mjp7czozOiJ1cmwiO3M6NjA6Imh0dHA6Ly8xMjcuMC4wLjE6ODAwMC9hcGkvaW52ZXN0b3JzL2ludmVzdG9yLTAwMS9pbnZlc3RtZW50cyI7czo1OiJyb3V0ZSI7Tjt9czo2OiJfZmxhc2giO2E6Mjp7czozOiJvbGQiO2E6MDp7fXM6MzoibmV3IjthOjA6e319fQ==',1769008152),('ZYJG8qO0b0bfHGIMwBho2vmCZlDb38A0CE09q4Co',NULL,'127.0.0.1','Mozilla/5.0 (Macintosh; Intel Mac OS X 10_15_7) AppleWebKit/537.36 (KHTML, like Gecko) Chrome/143.0.0.0 Safari/537.36','YTozOntzOjY6Il90b2tlbiI7czo0MDoiUXZ1TkVSRE05d1k4Vm5FYkhtZUVSbERkU295akNSOUxDRWt2WlEwZyI7czo5OiJfcHJldmlvdXMiO2E6Mjp7czozOiJ1cmwiO3M6NDg6Imh0dHA6Ly8xMjcuMC4wLjE6ODAwMC9hcGkvaW52ZXN0b3JzL2ludmVzdG9yLTAwMSI7czo1OiJyb3V0ZSI7Tjt9czo2OiJfZmxhc2giO2E6Mjp7czozOiJvbGQiO2E6MDp7fXM6MzoibmV3IjthOjA6e319fQ==',1769013515);


